CRAN Package Check Results for Package seasonalview

Last updated on 2020-07-15 03:47:03 CEST.

Flavor Version Tinstall Tcheck Ttotal Status Flags
r-devel-linux-x86_64-debian-clang 0.3 4.60 42.18 46.78 OK
r-devel-linux-x86_64-debian-gcc 0.3 4.75 33.18 37.93 OK
r-devel-linux-x86_64-fedora-clang 0.3 65.22 OK
r-devel-linux-x86_64-fedora-gcc 0.3 60.19 OK
r-devel-windows-ix86+x86_64 0.3 33.00 58.00 91.00 OK
r-patched-linux-x86_64 0.3 5.93 42.01 47.94 OK
r-patched-solaris-x86 0.3 80.80 OK
r-release-linux-x86_64 0.3 5.12 41.60 46.72 OK
r-release-macos-x86_64 0.3 ERROR
r-release-windows-ix86+x86_64 0.3 22.00 56.00 78.00 OK
r-oldrel-macos-x86_64 0.3 OK
r-oldrel-windows-ix86+x86_64 0.3 18.00 73.00 91.00 OK

Check Details

Version: 0.3
Check: whether package can be installed
Result: ERROR
    Installation failed.
Flavor: r-release-macos-x86_64