CRAN Package Check Results for Package seastests

Last updated on 2020-01-24 14:48:06 CET.

Flavor Version Tinstall Tcheck Ttotal Status Flags
r-devel-linux-x86_64-debian-clang 0.14.2 3.23 56.75 59.98 NOTE
r-devel-linux-x86_64-debian-gcc 0.14.2 2.12 42.13 44.25 NOTE
r-devel-linux-x86_64-fedora-clang 0.14.2 76.17 OK
r-devel-linux-x86_64-fedora-gcc 0.14.2 72.23 OK
r-devel-windows-ix86+x86_64 0.14.2 7.00 87.00 94.00 NOTE
r-devel-windows-ix86+x86_64-gcc8 0.14.2 11.00 65.00 76.00 NOTE
r-patched-linux-x86_64 0.14.2 2.48 52.35 54.83 OK
r-patched-solaris-x86 0.14.2 105.20 OK
r-release-linux-x86_64 0.14.2 2.42 52.27 54.69 OK
r-release-windows-ix86+x86_64 0.14.2 5.00 81.00 86.00 OK
r-release-osx-x86_64 0.14.2 OK
r-oldrel-windows-ix86+x86_64 0.14.2 3.00 58.00 61.00 OK
r-oldrel-osx-x86_64 0.14.2 OK

Check Details

Version: 0.14.2
Check: package vignettes
Result: NOTE
    Package vignette with placeholder title 'Vignette Title':
     'seastests-vignette.Rmd'
Flavors: r-devel-linux-x86_64-debian-clang, r-devel-linux-x86_64-debian-gcc, r-devel-windows-ix86+x86_64, r-devel-windows-ix86+x86_64-gcc8