CRAN Package Check Results for Package seedwater

Last updated on 2020-09-18 03:49:50 CEST.

Flavor Version Tinstall Tcheck Ttotal Status Flags
r-devel-linux-x86_64-debian-clang 1.0 3.34 26.85 30.19 OK
r-devel-linux-x86_64-debian-gcc 1.0 2.88 21.71 24.59 OK
r-devel-linux-x86_64-fedora-clang 1.0 49.65 OK
r-devel-linux-x86_64-fedora-gcc 1.0 39.27 OK
r-devel-windows-ix86+x86_64 1.0 14.00 58.00 72.00 OK
r-patched-linux-x86_64 1.0 4.00 27.39 31.39 OK
r-patched-solaris-x86 1.0 57.20 OK
r-release-linux-x86_64 1.0 3.87 27.56 31.43 OK
r-release-macos-x86_64 1.0 ERROR
r-release-windows-ix86+x86_64 1.0 13.00 60.00 73.00 OK
r-oldrel-macos-x86_64 1.0 ERROR
r-oldrel-windows-ix86+x86_64 1.0 11.00 65.00 76.00 OK

Check Details

Version: 1.0
Check: package dependencies
Result: ERROR
    Package required but not available: ‘rpanel’
    
    See section ‘The DESCRIPTION file’ in the ‘Writing R Extensions’
    manual.
Flavors: r-release-macos-x86_64, r-oldrel-macos-x86_64