CRAN Package Check Results for Package seleniumPipes

Last updated on 2020-07-15 03:47:03 CEST.

Flavor Version Tinstall Tcheck Ttotal Status Flags
r-devel-linux-x86_64-debian-clang 0.3.7 4.36 37.84 42.20 OK
r-devel-linux-x86_64-debian-gcc 0.3.7 3.71 29.72 33.43 OK
r-devel-linux-x86_64-fedora-clang 0.3.7 59.39 OK
r-devel-linux-x86_64-fedora-gcc 0.3.7 53.14 OK
r-devel-windows-ix86+x86_64 0.3.7 16.00 55.00 71.00 OK
r-patched-linux-x86_64 0.3.7 4.61 37.98 42.59 OK
r-patched-solaris-x86 0.3.7 72.80 OK
r-release-linux-x86_64 0.3.7 4.16 37.62 41.78 OK
r-release-macos-x86_64 0.3.7 ERROR
r-release-windows-ix86+x86_64 0.3.7 15.00 50.00 65.00 OK
r-oldrel-macos-x86_64 0.3.7 OK
r-oldrel-windows-ix86+x86_64 0.3.7 11.00 209.00 220.00 OK

Check Details

Version: 0.3.7
Check: whether package can be installed
Result: ERROR
    Installation failed.
Flavor: r-release-macos-x86_64