CRAN Package Check Results for Package semiArtificial

Last updated on 2020-07-08 03:48:03 CEST.

Flavor Version Tinstall Tcheck Ttotal Status Flags
r-devel-linux-x86_64-debian-clang 2.3.1 16.13 137.27 153.40 NOTE
r-devel-linux-x86_64-debian-gcc 2.3.1 13.15 103.16 116.31 NOTE
r-devel-linux-x86_64-fedora-clang 2.3.1 196.91 NOTE
r-devel-linux-x86_64-fedora-gcc 2.3.1 189.78 NOTE
r-devel-windows-ix86+x86_64 2.3.1 29.00 127.00 156.00 OK
r-patched-linux-x86_64 2.3.1 19.28 132.81 152.09 NOTE
r-patched-solaris-x86 2.3.1 250.30 NOTE
r-release-linux-x86_64 2.3.1 15.50 132.81 148.31 NOTE
r-release-osx-x86_64 2.3.1 OK
r-release-windows-ix86+x86_64 2.3.1 31.00 128.00 159.00 OK
r-oldrel-osx-x86_64 2.3.1 OK
r-oldrel-windows-ix86+x86_64 2.3.1 44.00 175.00 219.00 OK

Check Details

Version: 2.3.1
Check: for non-standard things in the check directory
Result: NOTE
    Found the following files/directories:
     'Rprof.out'
Flavors: r-devel-linux-x86_64-debian-clang, r-devel-linux-x86_64-debian-gcc, r-devel-linux-x86_64-fedora-clang, r-devel-linux-x86_64-fedora-gcc, r-patched-linux-x86_64, r-patched-solaris-x86, r-release-linux-x86_64