CRAN Package Check Results for Package semiArtificial

Last updated on 2019-11-21 02:48:34 CET.

Flavor Version Tinstall Tcheck Ttotal Status Flags
r-devel-linux-x86_64-debian-clang 2.3.1 18.37 125.68 144.05 NOTE
r-devel-linux-x86_64-debian-gcc 2.3.1 14.94 101.51 116.45 NOTE
r-devel-linux-x86_64-fedora-clang 2.3.1 161.34 NOTE
r-devel-linux-x86_64-fedora-gcc 2.3.1 173.66 NOTE
r-devel-windows-ix86+x86_64 2.3.1 43.00 160.00 203.00 OK
r-devel-windows-ix86+x86_64-gcc8 2.3.1 31.00 124.00 155.00 OK
r-patched-linux-x86_64 2.3.1 12.03 117.43 129.46 OK
r-patched-solaris-x86 2.3.1 223.00 OK
r-release-linux-x86_64 2.3.1 15.36 115.75 131.11 OK
r-release-windows-ix86+x86_64 2.3.1 42.00 158.00 200.00 OK
r-release-osx-x86_64 2.3.1 OK
r-oldrel-windows-ix86+x86_64 2.3.1 16.00 149.00 165.00 OK
r-oldrel-osx-x86_64 2.3.1 OK

Check Details

Version: 2.3.1
Check: for non-standard things in the check directory
Result: NOTE
    Found the following files/directories:
     'Rprof.out'
Flavors: r-devel-linux-x86_64-debian-clang, r-devel-linux-x86_64-debian-gcc, r-devel-linux-x86_64-fedora-clang, r-devel-linux-x86_64-fedora-gcc