CRAN Package Check Results for Package sharpData

Last updated on 2020-10-29 02:50:11 CET.

Flavor Version Tinstall Tcheck Ttotal Status Flags
r-devel-linux-x86_64-debian-clang 1.2 2.92 23.20 26.12 OK
r-devel-linux-x86_64-debian-gcc 1.2 2.22 18.29 20.51 OK
r-devel-linux-x86_64-fedora-clang 1.2 39.58 NOTE
r-devel-linux-x86_64-fedora-gcc 1.2 30.82 NOTE
r-devel-windows-ix86+x86_64 1.2 9.00 40.00 49.00 OK
r-patched-linux-x86_64 1.2 2.65 22.63 25.28 OK
r-patched-solaris-x86 1.2 48.70 OK
r-release-linux-x86_64 1.2 2.74 22.42 25.16 OK
r-release-macos-x86_64 1.2 OK
r-release-windows-ix86+x86_64 1.2 6.00 38.00 44.00 OK
r-oldrel-macos-x86_64 1.2 OK
r-oldrel-windows-ix86+x86_64 1.2 31.00 46.00 77.00 OK

Check Details

Version: 1.2
Check: compiled code
Result: NOTE
    File ‘sharpData/libs/sharpData.so’:
     Found no calls to: ‘R_registerRoutines’, ‘R_useDynamicSymbols’
    
    It is good practice to register native routines and to disable symbol
    search.
    
    See ‘Writing portable packages’ in the ‘Writing R Extensions’ manual.
Flavors: r-devel-linux-x86_64-fedora-clang, r-devel-linux-x86_64-fedora-gcc