CRAN Package Check Results for Package simsem

Last updated on 2020-07-14 03:48:06 CEST.

Flavor Version Tinstall Tcheck Ttotal Status Flags
r-devel-linux-x86_64-debian-clang 0.5-15 20.94 125.57 146.51 OK
r-devel-linux-x86_64-debian-gcc 0.5-15 17.01 93.48 110.49 OK
r-devel-linux-x86_64-fedora-clang 0.5-15 181.74 OK
r-devel-linux-x86_64-fedora-gcc 0.5-15 181.43 OK
r-devel-windows-ix86+x86_64 0.5-15 39.00 165.00 204.00 OK
r-patched-linux-x86_64 0.5-15 19.62 125.45 145.07 OK
r-patched-solaris-x86 0.5-15 208.20 OK
r-release-linux-x86_64 0.5-15 18.75 127.48 146.23 OK
r-release-macos-x86_64 0.5-15 ERROR
r-release-windows-ix86+x86_64 0.5-15 41.00 168.00 209.00 OK
r-oldrel-macos-x86_64 0.5-15 OK
r-oldrel-windows-ix86+x86_64 0.5-15 52.00 158.00 210.00 OK

Check Details

Version: 0.5-15
Check: whether package can be installed
Result: ERROR
    Installation failed.
Flavor: r-release-macos-x86_64