CRAN Package Check Results for Package sinx

Last updated on 2020-08-04 03:48:04 CEST.

Flavor Version Tinstall Tcheck Ttotal Status Flags
r-devel-linux-x86_64-debian-clang 0.0.13 3.99 35.09 39.08 OK
r-devel-linux-x86_64-debian-gcc 0.0.13 3.15 26.38 29.53 OK
r-devel-linux-x86_64-fedora-clang 0.0.13 57.87 NOTE
r-devel-linux-x86_64-fedora-gcc 0.0.13 46.42 NOTE
r-devel-windows-ix86+x86_64 0.0.13 26.00 62.00 88.00 OK
r-patched-linux-x86_64 0.0.13 4.01 33.42 37.43 OK
r-patched-solaris-x86 0.0.13 78.10 NOTE
r-release-linux-x86_64 0.0.13 4.60 33.64 38.24 OK
r-release-macos-x86_64 0.0.13 NOTE
r-release-windows-ix86+x86_64 0.0.13 24.00 70.00 94.00 OK
r-oldrel-macos-x86_64 0.0.13 NOTE
r-oldrel-windows-ix86+x86_64 0.0.13 9.00 56.00 65.00 OK

Check Details

Version: 0.0.13
Check: dependencies in R code
Result: NOTE
    Namespaces in Imports field not imported from:
     ‘pagedown’ ‘rosr’
     All declared Imports should be used.
Flavors: r-devel-linux-x86_64-fedora-clang, r-devel-linux-x86_64-fedora-gcc, r-patched-solaris-x86, r-release-macos-x86_64, r-oldrel-macos-x86_64