CRAN Package Check Results for Package sjlabelled

Last updated on 2020-08-14 03:47:59 CEST.

Flavor Version Tinstall Tcheck Ttotal Status Flags
r-devel-linux-x86_64-debian-clang 1.1.6 4.85 55.58 60.43 NOTE
r-devel-linux-x86_64-debian-gcc 1.1.6 3.75 41.62 45.37 OK
r-devel-linux-x86_64-fedora-clang 1.1.6 77.09 OK
r-devel-linux-x86_64-fedora-gcc 1.1.6 67.64 OK
r-devel-windows-ix86+x86_64 1.1.6 10.00 92.00 102.00 OK
r-patched-linux-x86_64 1.1.6 4.41 53.66 58.07 OK
r-patched-solaris-x86 1.1.6 97.00 OK
r-release-linux-x86_64 1.1.6 5.01 54.58 59.59 OK
r-release-macos-x86_64 1.1.6 OK
r-release-windows-ix86+x86_64 1.1.6 11.00 90.00 101.00 OK
r-oldrel-macos-x86_64 1.1.6 OK
r-oldrel-windows-ix86+x86_64 1.1.6 8.00 67.00 75.00 OK

Check Details

Version: 1.1.6
Check: package dependencies
Result: NOTE
    Package suggested but not available for checking: 'sjPlot'
Flavor: r-devel-linux-x86_64-debian-clang