CRAN Package Check Results for Package sjstats

Last updated on 2020-05-27 03:48:44 CEST.

Flavor Version Tinstall Tcheck Ttotal Status Flags
r-devel-linux-x86_64-debian-clang 0.18.0 15.43 143.35 158.78 OK
r-devel-linux-x86_64-debian-gcc 0.18.0 13.38 108.17 121.55 OK
r-devel-linux-x86_64-fedora-clang 0.18.0 207.99 OK
r-devel-linux-x86_64-fedora-gcc 0.18.0 189.53 OK
r-devel-windows-ix86+x86_64 0.18.0 50.00 171.00 221.00 OK
r-patched-linux-x86_64 0.18.0 12.64 139.96 152.60 NOTE
r-patched-solaris-x86 0.18.0 267.10 OK
r-release-linux-x86_64 0.18.0 15.40 141.23 156.63 OK
r-release-osx-x86_64 0.18.0 OK
r-release-windows-ix86+x86_64 0.18.0 49.00 223.00 272.00 OK
r-oldrel-osx-x86_64 0.18.0 OK
r-oldrel-windows-ix86+x86_64 0.18.0 29.00 151.00 180.00 OK

Check Details

Version: 0.18.0
Check: package dependencies
Result: NOTE
    Package suggested but not available for checking: ‘rstanarm’
Flavor: r-patched-linux-x86_64