CRAN Package Check Results for Package sjstats

Last updated on 2019-10-23 03:48:40 CEST.

Flavor Version Tinstall Tcheck Ttotal Status Flags
r-devel-linux-x86_64-debian-clang 0.17.6 14.41 173.18 187.59 OK
r-devel-linux-x86_64-debian-gcc 0.17.6 13.00 132.38 145.38 OK
r-devel-linux-x86_64-fedora-clang 0.17.6 228.39 NOTE
r-devel-linux-x86_64-fedora-gcc 0.17.6 163.02 NOTE
r-devel-windows-ix86+x86_64 0.17.6 27.00 288.00 315.00 OK
r-patched-linux-x86_64 0.17.6 13.63 170.57 184.20 OK
r-patched-solaris-x86 0.17.6 314.20 NOTE
r-release-linux-x86_64 0.17.6 14.10 171.13 185.23 OK
r-release-windows-ix86+x86_64 0.17.6 46.00 284.00 330.00 OK
r-release-osx-x86_64 0.17.6 NOTE
r-oldrel-windows-ix86+x86_64 0.17.6 31.00 242.00 273.00 WARN
r-oldrel-osx-x86_64 0.17.6 NOTE

Check Details

Version: 0.17.6
Check: dependencies in R code
Result: NOTE
    Namespace in Imports field not imported from: ‘utils’
     All declared Imports should be used.
Flavors: r-devel-linux-x86_64-fedora-clang, r-devel-linux-x86_64-fedora-gcc, r-patched-solaris-x86, r-release-osx-x86_64, r-oldrel-osx-x86_64

Version: 0.17.6
Check: re-building of vignette outputs
Result: WARN
    Error in re-building vignettes:
     ...
    Warning in engine$weave(file, quiet = quiet, encoding = enc) :
     The vignette engine knitr::rmarkdown is not available, because the rmarkdown package is not installed. Please install it.
    Warning in engine$weave(file, quiet = quiet, encoding = enc) :
     The vignette engine knitr::rmarkdown is not available, because the rmarkdown package is not installed. Please install it.
    Loading required package: MASS
    Loading required package: Matrix
    Loading required package: mvtnorm
    Loading required package: sandwich
    mediation: Causal Mediation Analysis
    Version: 4.5.0
    
    Loading required package: Rcpp
    Loading 'brms' package (version 2.10.0). Useful instructions
    can be found by typing help('brms'). A more detailed introduction
    to the package is available through vignette('brms_overview').
    Quitting from lines 44-62 (bayesian-statistics.Rmd)
    Error: processing vignette 'bayesian-statistics.Rmd' failed with diagnostics:
    Service Unavailable (HTTP 503).
    Execution halted
Flavor: r-oldrel-windows-ix86+x86_64