CRAN Package Check Results for Package sm

Last updated on 2020-09-29 03:48:33 CEST.

Flavor Version Tinstall Tcheck Ttotal Status Flags
r-devel-linux-x86_64-debian-clang 2.2-5.6 21.42 100.06 121.48 OK
r-devel-linux-x86_64-debian-gcc 2.2-5.6 17.19 73.00 90.19 OK
r-devel-linux-x86_64-fedora-clang 2.2-5.6 171.10 OK
r-devel-linux-x86_64-fedora-gcc 2.2-5.6 170.11 OK
r-devel-windows-ix86+x86_64 2.2-5.6 30.00 90.00 120.00 OK
r-patched-linux-x86_64 2.2-5.6 22.52 90.98 113.50 OK
r-patched-solaris-x86 2.2-5.6 198.90 OK
r-release-linux-x86_64 2.2-5.6 21.87 91.74 113.61 OK
r-release-macos-x86_64 2.2-5.6 ERROR
r-release-windows-ix86+x86_64 2.2-5.6 26.00 112.00 138.00 OK
r-oldrel-macos-x86_64 2.2-5.6 ERROR
r-oldrel-windows-ix86+x86_64 2.2-5.6 43.00 120.00 163.00 OK

Check Details

Version: 2.2-5.6
Check: package dependencies
Result: NOTE
    Package suggested but not available for checking: ‘rpanel’
Flavors: r-release-macos-x86_64, r-oldrel-macos-x86_64

Version: 2.2-5.6
Check: examples
Result: ERROR
    Running examples in ‘sm-Ex.R’ failed
    The error most likely occurred in:
    
    > ### Name: sm.surface3d
    > ### Title: Adding a regression surface to an rgl plot.
    > ### Aliases: sm.surface3d
    > ### Keywords: nonparametric regression smooth
    >
    > ### ** Examples
    >
    > with(trawl, {
    + Zone93 <- (Year == 1 & Zone == 1)
    + Position <- cbind(Longitude - 143, Latitude)
    + model1 <- sm.regression(Position[Zone93,], Score1[Zone93],
    + h= c(0.1, 0.1), display = "rgl", xlab="Longitude - 143")
    + model2 <- sm.regression(Position[Zone93,], Score1[Zone93],
    + h= c(0.2, 0.2), display = "none")
    + sm.surface3d(model2$eval.points, model2$est, model1$scaling, col = "red")
    + })
    Error in sm.surface3d(model2$eval.points, model2$est, model1$scaling, :
     a scaling must be specified.
    Calls: with -> with.default -> eval -> eval -> sm.surface3d
    Execution halted
Flavors: r-release-macos-x86_64, r-oldrel-macos-x86_64