CRAN Package Check Results for Package smacof

Last updated on 2020-05-28 03:48:41 CEST.

Flavor Version Tinstall Tcheck Ttotal Status Flags
r-devel-linux-x86_64-debian-clang 2.1-0 21.64 317.99 339.63 OK
r-devel-linux-x86_64-debian-gcc 2.1-0 18.18 227.19 245.37 OK
r-devel-linux-x86_64-fedora-clang 2.1-0 424.93 NOTE
r-devel-linux-x86_64-fedora-gcc 2.1-0 413.62 NOTE
r-devel-windows-ix86+x86_64 2.1-0 74.00 427.00 501.00 OK
r-patched-linux-x86_64 2.1-0 18.61 303.38 321.99 OK
r-patched-solaris-x86 2.1-0 520.60 NOTE
r-release-linux-x86_64 2.1-0 17.84 301.32 319.16 OK
r-release-osx-x86_64 2.1-0 NOTE
r-release-windows-ix86+x86_64 2.1-0 58.00 508.00 566.00 OK
r-oldrel-osx-x86_64 2.1-0 NOTE
r-oldrel-windows-ix86+x86_64 2.1-0 45.00 375.00 420.00 OK

Check Details

Version: 2.1-0
Check: data for non-ASCII characters
Result: NOTE
     Note: found 15 marked Latin-1 strings
     Note: found 2 marked UTF-8 strings
Flavors: r-devel-linux-x86_64-fedora-clang, r-devel-linux-x86_64-fedora-gcc, r-patched-solaris-x86, r-release-osx-x86_64, r-oldrel-osx-x86_64