CRAN Package Check Results for Package smacof

Last updated on 2019-11-16 14:46:44 CET.

Flavor Version Tinstall Tcheck Ttotal Status Flags
r-devel-linux-x86_64-debian-clang 2.0-0 19.99 369.60 389.59 OK
r-devel-linux-x86_64-debian-gcc 2.0-0 18.21 267.56 285.77 OK
r-devel-linux-x86_64-fedora-clang 2.0-0 470.04 NOTE
r-devel-linux-x86_64-fedora-gcc 2.0-0 448.68 NOTE
r-devel-windows-ix86+x86_64 2.0-0 93.00 417.00 510.00 OK
r-patched-linux-x86_64 2.0-0 19.28 346.15 365.43 OK
r-patched-solaris-x86 2.0-0 591.50 NOTE
r-release-linux-x86_64 2.0-0 15.18 345.04 360.22 OK
r-release-windows-ix86+x86_64 2.0-0 40.00 571.00 611.00 OK
r-release-osx-x86_64 2.0-0 NOTE
r-oldrel-windows-ix86+x86_64 2.0-0 34.00 553.00 587.00 OK
r-oldrel-osx-x86_64 2.0-0 NOTE

Check Details

Version: 2.0-0
Check: data for non-ASCII characters
Result: NOTE
     Note: found 15 marked Latin-1 strings
     Note: found 2 marked UTF-8 strings
Flavors: r-devel-linux-x86_64-fedora-clang, r-devel-linux-x86_64-fedora-gcc, r-patched-solaris-x86, r-release-osx-x86_64, r-oldrel-osx-x86_64