CRAN Package Check Results for Package sparseMVN

Last updated on 2020-07-14 03:48:06 CEST.

Flavor Version Tinstall Tcheck Ttotal Status Flags
r-devel-linux-x86_64-debian-clang 0.2.1.1 6.84 77.39 84.23 OK
r-devel-linux-x86_64-debian-gcc 0.2.1.1 5.33 59.78 65.11 OK
r-devel-linux-x86_64-fedora-clang 0.2.1.1 112.95 OK
r-devel-linux-x86_64-fedora-gcc 0.2.1.1 122.87 OK
r-devel-windows-ix86+x86_64 0.2.1.1 18.00 105.00 123.00 OK
r-patched-linux-x86_64 0.2.1.1 7.15 76.33 83.48 OK
r-patched-solaris-x86 0.2.1.1 160.80 OK
r-release-linux-x86_64 0.2.1.1 7.49 76.58 84.07 OK
r-release-macos-x86_64 0.2.1.1 ERROR
r-release-windows-ix86+x86_64 0.2.1.1 18.00 91.00 109.00 OK
r-oldrel-macos-x86_64 0.2.1.1 OK
r-oldrel-windows-ix86+x86_64 0.2.1.1 16.00 119.00 135.00 OK

Check Details

Version: 0.2.1.1
Check: whether package can be installed
Result: ERROR
    Installation failed.
Flavor: r-release-macos-x86_64