CRAN Package Check Results for Package sparsereg

Last updated on 2020-05-25 15:49:12 CEST.

Flavor Version Tinstall Tcheck Ttotal Status Flags
r-devel-linux-x86_64-debian-clang 1.2 69.90 106.60 176.50 OK
r-devel-linux-x86_64-debian-gcc 1.2 56.37 80.40 136.77 OK
r-devel-linux-x86_64-fedora-clang 1.2 236.64 NOTE
r-devel-linux-x86_64-fedora-gcc 1.2 223.17 NOTE
r-devel-windows-ix86+x86_64 1.2 202.00 200.00 402.00 OK
r-patched-linux-x86_64 1.2 59.35 104.44 163.79 OK
r-patched-solaris-x86 1.2 279.60 OK
r-release-linux-x86_64 1.2 54.57 102.02 156.59 OK
r-release-osx-x86_64 1.2 OK
r-release-windows-ix86+x86_64 1.2 195.00 244.00 439.00 OK
r-oldrel-osx-x86_64 1.2 OK
r-oldrel-windows-ix86+x86_64 1.2 136.00 151.00 287.00 OK

Check Details

Version: 1.2
Check: compiled code
Result: NOTE
    File ‘sparsereg/libs/sparsereg.so’:
     Found no calls to: ‘R_registerRoutines’, ‘R_useDynamicSymbols’
    
    It is good practice to register native routines and to disable symbol
    search.
    
    See ‘Writing portable packages’ in the ‘Writing R Extensions’ manual.
Flavors: r-devel-linux-x86_64-fedora-clang, r-devel-linux-x86_64-fedora-gcc