CRAN Package Check Results for Package sparsereg

Last updated on 2019-11-13 02:48:45 CET.

Flavor Version Tinstall Tcheck Ttotal Status Flags
r-devel-linux-x86_64-debian-clang 1.2 61.99 91.50 153.49 OK
r-devel-linux-x86_64-debian-gcc 1.2 48.30 70.20 118.50 OK
r-devel-linux-x86_64-fedora-clang 1.2 211.54 NOTE
r-devel-linux-x86_64-fedora-gcc 1.2 204.24 NOTE
r-devel-windows-ix86+x86_64 1.2 152.00 199.00 351.00 OK
r-patched-linux-x86_64 1.2 52.70 86.24 138.94 OK
r-patched-solaris-x86 1.2 239.40 OK
r-release-linux-x86_64 1.2 54.11 84.74 138.85 OK
r-release-windows-ix86+x86_64 1.2 161.00 139.00 300.00 OK
r-release-osx-x86_64 1.2 OK
r-oldrel-windows-ix86+x86_64 1.2 98.00 189.00 287.00 OK
r-oldrel-osx-x86_64 1.2 OK

Check Details

Version: 1.2
Check: compiled code
Result: NOTE
    File ‘sparsereg/libs/sparsereg.so’:
     Found no calls to: ‘R_registerRoutines’, ‘R_useDynamicSymbols’
    
    It is good practice to register native routines and to disable symbol
    search.
    
    See ‘Writing portable packages’ in the ‘Writing R Extensions’ manual.
Flavors: r-devel-linux-x86_64-fedora-clang, r-devel-linux-x86_64-fedora-gcc