CRAN Package Check Results for Package spectralGraphTopology

Last updated on 2020-02-27 06:48:09 CET.

Flavor Version Tinstall Tcheck Ttotal Status Flags
r-devel-linux-x86_64-debian-clang 0.2.0 48.19 57.83 106.02 OK
r-devel-linux-x86_64-debian-gcc 0.2.0 33.78 38.36 72.14 OK
r-devel-linux-x86_64-fedora-clang 0.2.0 159.45 NOTE
r-devel-linux-x86_64-fedora-gcc 0.2.0 125.53 OK
r-devel-windows-ix86+x86_64 0.2.0 98.00 93.00 191.00 NOTE
r-devel-windows-ix86+x86_64-gcc8 0.2.0 120.00 110.00 230.00 NOTE
r-patched-linux-x86_64 0.2.0 41.12 45.99 87.11 OK
r-patched-solaris-x86 0.2.0 137.80 OK
r-release-linux-x86_64 0.2.0 43.70 45.47 89.17 OK
r-release-windows-ix86+x86_64 0.2.0 97.00 88.00 185.00 NOTE
r-release-osx-x86_64 0.2.0 NOTE
r-oldrel-windows-ix86+x86_64 0.2.0 77.00 96.00 173.00 NOTE
r-oldrel-osx-x86_64 0.2.0 NOTE

Check Details

Version: 0.2.0
Check: installed package size
Result: NOTE
     installed size is 6.1Mb
     sub-directories of 1Mb or more:
     doc 3.1Mb
     libs 2.6Mb
Flavors: r-devel-linux-x86_64-fedora-clang, r-devel-windows-ix86+x86_64, r-devel-windows-ix86+x86_64-gcc8, r-release-windows-ix86+x86_64, r-release-osx-x86_64, r-oldrel-windows-ix86+x86_64, r-oldrel-osx-x86_64