CRAN Package Check Results for Package sperich

Last updated on 2019-12-07 02:52:57 CET.

Flavor Version Tinstall Tcheck Ttotal Status Flags
r-devel-linux-x86_64-debian-clang 1.5-7 3.08 40.27 43.35 NOTE
r-devel-linux-x86_64-debian-gcc 1.5-7 2.65 31.21 33.86 NOTE
r-devel-linux-x86_64-fedora-clang 1.5-7 50.40 NOTE
r-devel-linux-x86_64-fedora-gcc 1.5-7 51.67 NOTE
r-devel-windows-ix86+x86_64 1.5-7 7.00 69.00 76.00 OK
r-devel-windows-ix86+x86_64-gcc8 1.5-7 6.00 73.00 79.00 OK
r-patched-linux-x86_64 1.5-7 2.65 37.03 39.68 OK
r-patched-solaris-x86 1.5-7 74.30 OK
r-release-linux-x86_64 1.5-7 3.32 37.52 40.84 OK
r-release-windows-ix86+x86_64 1.5-7 8.00 46.00 54.00 OK
r-release-osx-x86_64 1.5-7 OK
r-oldrel-windows-ix86+x86_64 1.5-7 4.00 78.00 82.00 OK
r-oldrel-osx-x86_64 1.5-7 OK

Check Details

Version: 1.5-7
Check: for non-standard things in the check directory
Result: NOTE
    Found the following files/directories:
     'species.richness.tif'
Flavors: r-devel-linux-x86_64-debian-clang, r-devel-linux-x86_64-debian-gcc, r-devel-linux-x86_64-fedora-clang, r-devel-linux-x86_64-fedora-gcc