CRAN Package Check Results for Package spikeSlabGAM

Last updated on 2019-11-13 02:48:46 CET.

Flavor Version Tinstall Tcheck Ttotal Status Flags
r-devel-linux-x86_64-debian-clang 1.1-14 15.26 92.50 107.76 OK --no-vignettes
r-devel-linux-x86_64-debian-gcc 1.1-14 11.74 69.99 81.73 OK --no-vignettes
r-devel-linux-x86_64-fedora-clang 1.1-14 716.03 OK
r-devel-linux-x86_64-fedora-gcc 1.1-14 696.27 OK
r-devel-windows-ix86+x86_64 1.1-14 46.00 143.00 189.00 OK --no-vignettes
r-patched-linux-x86_64 1.1-14 13.02 84.51 97.53 OK --no-vignettes
r-patched-solaris-x86 1.1-14 183.90 OK --no-vignettes
r-release-linux-x86_64 1.1-14 12.93 86.94 99.87 OK --no-vignettes
r-release-windows-ix86+x86_64 1.1-14 47.00 133.00 180.00 OK --no-vignettes
r-release-osx-x86_64 1.1-14 FAIL
r-oldrel-windows-ix86+x86_64 1.1-14 24.00 167.00 191.00 OK --no-vignettes
r-oldrel-osx-x86_64 1.1-14 OK

Check Details

Version: 1.1-14
Check: PDF version of manual
Result: FAIL
    
Flavor: r-release-osx-x86_64