CRAN Package Check Results for Package splus2R

Last updated on 2020-05-27 03:48:45 CEST.

Flavor Version Tinstall Tcheck Ttotal Status Flags
r-devel-linux-x86_64-debian-clang 1.2-2 7.03 41.66 48.69 OK
r-devel-linux-x86_64-debian-gcc 1.2-2 5.93 31.78 37.71 OK
r-devel-linux-x86_64-fedora-clang 1.2-2 58.55 NOTE
r-devel-linux-x86_64-fedora-gcc 1.2-2 58.21 NOTE
r-devel-windows-ix86+x86_64 1.2-2 18.00 102.00 120.00 OK
r-patched-linux-x86_64 1.2-2 7.71 41.46 49.17 OK
r-patched-solaris-x86 1.2-2 83.10 OK
r-release-linux-x86_64 1.2-2 6.57 41.52 48.09 OK
r-release-osx-x86_64 1.2-2 OK
r-release-windows-ix86+x86_64 1.2-2 16.00 96.00 112.00 OK
r-oldrel-osx-x86_64 1.2-2 OK
r-oldrel-windows-ix86+x86_64 1.2-2 13.00 86.00 99.00 OK

Check Details

Version: 1.2-2
Check: compiled code
Result: NOTE
    File ‘splus2R/libs/splus2R.so’:
     Found no calls to: ‘R_registerRoutines’, ‘R_useDynamicSymbols’
    
    It is good practice to register native routines and to disable symbol
    search.
    
    See ‘Writing portable packages’ in the ‘Writing R Extensions’ manual.
Flavors: r-devel-linux-x86_64-fedora-clang, r-devel-linux-x86_64-fedora-gcc