CRAN Package Check Results for Package ssMousetrack

Last updated on 2020-05-26 15:49:54 CEST.

Flavor Version Tinstall Tcheck Ttotal Status Flags
r-devel-linux-x86_64-debian-clang 1.1.5 475.04 86.56 561.60 NOTE
r-devel-linux-x86_64-debian-gcc 1.1.5 399.94 80.23 480.17 NOTE
r-devel-linux-x86_64-fedora-clang 1.1.5 775.35 NOTE
r-devel-linux-x86_64-fedora-gcc 1.1.5 848.81 NOTE
r-devel-windows-ix86+x86_64 1.1.5 986.00 243.00 1229.00 NOTE
r-patched-linux-x86_64 1.1.5 456.09 102.15 558.24 NOTE
r-patched-solaris-x86 1.1.5 662.20 NOTE
r-release-linux-x86_64 1.1.5 459.04 102.25 561.29 NOTE
r-release-osx-x86_64 1.1.5 NOTE
r-release-windows-ix86+x86_64 1.1.5 851.00 245.00 1096.00 NOTE
r-oldrel-osx-x86_64 1.1.5 NOTE
r-oldrel-windows-ix86+x86_64 1.1.5 785.00 161.00 946.00 NOTE

Check Details

Version: 1.1.5
Check: for GNU extensions in Makefiles
Result: NOTE
    GNU make is a SystemRequirements.
Flavors: r-devel-linux-x86_64-debian-clang, r-devel-linux-x86_64-debian-gcc, r-devel-linux-x86_64-fedora-clang, r-devel-linux-x86_64-fedora-gcc, r-devel-windows-ix86+x86_64, r-patched-linux-x86_64, r-patched-solaris-x86, r-release-linux-x86_64, r-release-osx-x86_64, r-release-windows-ix86+x86_64, r-oldrel-osx-x86_64, r-oldrel-windows-ix86+x86_64

Version: 1.1.5
Check: installed package size
Result: NOTE
     installed size is 80.1Mb
     sub-directories of 1Mb or more:
     libs 79.7Mb
Flavors: r-devel-linux-x86_64-fedora-clang, r-devel-windows-ix86+x86_64, r-release-osx-x86_64, r-release-windows-ix86+x86_64, r-oldrel-osx-x86_64, r-oldrel-windows-ix86+x86_64