CRAN Package Check Results for Package ssc

Last updated on 2020-07-14 03:48:07 CEST.

Flavor Version Tinstall Tcheck Ttotal Status Flags
r-devel-linux-x86_64-debian-clang 2.1-0 4.16 89.73 93.89 OK
r-devel-linux-x86_64-debian-gcc 2.1-0 3.00 66.00 69.00 OK
r-devel-linux-x86_64-fedora-clang 2.1-0 121.27 OK
r-devel-linux-x86_64-fedora-gcc 2.1-0 112.68 OK
r-devel-windows-ix86+x86_64 2.1-0 10.00 142.00 152.00 OK
r-patched-linux-x86_64 2.1-0 3.70 87.51 91.21 OK
r-patched-solaris-x86 2.1-0 141.20 OK
r-release-linux-x86_64 2.1-0 3.58 86.91 90.49 OK
r-release-macos-x86_64 2.1-0 ERROR
r-release-windows-ix86+x86_64 2.1-0 11.00 167.00 178.00 OK
r-oldrel-macos-x86_64 2.1-0 OK
r-oldrel-windows-ix86+x86_64 2.1-0 16.00 163.00 179.00 OK

Check Details

Version: 2.1-0
Check: whether package can be installed
Result: ERROR
    Installation failed.
Flavor: r-release-macos-x86_64