CRAN Package Check Results for Package stevedore

Last updated on 2020-04-02 03:48:28 CEST.

Flavor Version Tinstall Tcheck Ttotal Status Flags
r-devel-linux-x86_64-debian-clang 0.9.3 8.94 128.62 137.56 OK
r-devel-linux-x86_64-debian-gcc 0.9.3 7.12 97.97 105.09 OK
r-devel-linux-x86_64-fedora-clang 0.9.3 176.97 OK
r-devel-linux-x86_64-fedora-gcc 0.9.3 157.05 OK
r-devel-windows-ix86+x86_64 0.9.3 17.00 131.00 148.00 ERROR
r-devel-windows-ix86+x86_64-gcc8 0.9.3 16.00 137.00 153.00 ERROR
r-patched-linux-x86_64 0.9.3 7.37 123.61 130.98 OK
r-patched-solaris-x86 0.9.3 200.50 NOTE
r-release-linux-x86_64 0.9.3 7.00 114.29 121.29 OK
r-release-windows-ix86+x86_64 0.9.3 14.00 131.00 145.00 ERROR
r-release-osx-x86_64 0.9.3 OK
r-oldrel-windows-ix86+x86_64 0.9.3 16.00 185.00 201.00 ERROR
r-oldrel-osx-x86_64 0.9.3 OK

Check Details

Version: 0.9.3
Check: tests
Result: ERROR
     Running 'testthat.R' [63s]
    Running the tests in 'tests/testthat.R' failed.
    Complete output:
     > library(testthat)
     > library(stevedore)
     >
     > test_check("stevedore")
     -- 1. Failure: python_locate_version (@test-httppipe-unix.R#97) ---------------
     `python_locate_version("nosuchmodule")` threw an error with unexpected message.
     Expected match: "Did not find required python module 'nosuchmodule'"
     Actual message: "lexical error: invalid char in json text.\n NA\n (right here) ------^\n"
     Backtrace:
     1. testthat::expect_error(...)
     6. stevedore:::python_locate_version("nosuchmodule")
     7. reticulate::py_discover_config(module)
     8. reticulate:::python_conda_versions()
     11. reticulate::conda_list(conda = conda)
     12. jsonlite::fromJSON(conda_envs)
     13. jsonlite:::parse_and_simplify(...)
     14. jsonlite:::parseJSON(txt, bigint_as_char)
     15. jsonlite:::parse_string(txt, bigint_as_char)
    
     -- 2. Failure: python_locate_version (@test-httppipe-unix.R#100) --------------
     `python_locate_version("nosuchmodule")` threw an error with unexpected message.
     Expected match: "Did not find required python module 'nosuchmodule'"
     Actual message: "lexical error: invalid char in json text.\n NA\n (right here) ------^\n"
     Backtrace:
     1. testthat::expect_error(...)
     6. stevedore:::python_locate_version("nosuchmodule")
     7. reticulate::py_discover_config(module)
     8. reticulate:::python_conda_versions()
     11. reticulate::conda_list(conda = conda)
     12. jsonlite::fromJSON(conda_envs)
     13. jsonlite:::parse_and_simplify(...)
     14. jsonlite:::parseJSON(txt, bigint_as_char)
     15. jsonlite:::parse_string(txt, bigint_as_char)
    
     == testthat results ===========================================================
     [ OK: 3275 | SKIPPED: 159 | WARNINGS: 3 | FAILED: 2 ]
     1. Failure: python_locate_version (@test-httppipe-unix.R#97)
     2. Failure: python_locate_version (@test-httppipe-unix.R#100)
    
     Error: testthat unit tests failed
     Execution halted
Flavor: r-devel-windows-ix86+x86_64

Version: 0.9.3
Check: tests
Result: ERROR
     Running 'testthat.R' [65s]
    Running the tests in 'tests/testthat.R' failed.
    Complete output:
     > library(testthat)
     > library(stevedore)
     >
     > test_check("stevedore")
     -- 1. Failure: python_locate_version (@test-httppipe-unix.R#97) ---------------
     `python_locate_version("nosuchmodule")` threw an error with unexpected message.
     Expected match: "Did not find required python module 'nosuchmodule'"
     Actual message: "lexical error: invalid char in json text.\n NA\n (right here) ------^\n"
     Backtrace:
     1. testthat::expect_error(...)
     6. stevedore:::python_locate_version("nosuchmodule")
     7. reticulate::py_discover_config(module)
     8. reticulate:::python_conda_versions()
     11. reticulate::conda_list(conda = conda)
     12. jsonlite::fromJSON(conda_envs)
     13. jsonlite:::parse_and_simplify(...)
     14. jsonlite:::parseJSON(txt, bigint_as_char)
     15. jsonlite:::parse_string(txt, bigint_as_char)
    
     -- 2. Failure: python_locate_version (@test-httppipe-unix.R#100) --------------
     `python_locate_version("nosuchmodule")` threw an error with unexpected message.
     Expected match: "Did not find required python module 'nosuchmodule'"
     Actual message: "lexical error: invalid char in json text.\n NA\n (right here) ------^\n"
     Backtrace:
     1. testthat::expect_error(...)
     6. stevedore:::python_locate_version("nosuchmodule")
     7. reticulate::py_discover_config(module)
     8. reticulate:::python_conda_versions()
     11. reticulate::conda_list(conda = conda)
     12. jsonlite::fromJSON(conda_envs)
     13. jsonlite:::parse_and_simplify(...)
     14. jsonlite:::parseJSON(txt, bigint_as_char)
     15. jsonlite:::parse_string(txt, bigint_as_char)
    
     == testthat results ===========================================================
     [ OK: 3275 | SKIPPED: 159 | WARNINGS: 3 | FAILED: 2 ]
     1. Failure: python_locate_version (@test-httppipe-unix.R#97)
     2. Failure: python_locate_version (@test-httppipe-unix.R#100)
    
     Error: testthat unit tests failed
     Execution halted
Flavor: r-devel-windows-ix86+x86_64-gcc8

Version: 0.9.3
Check: package dependencies
Result: NOTE
    Package suggested but not available for checking: ‘redux’
Flavor: r-patched-solaris-x86

Version: 0.9.3
Check: tests
Result: ERROR
     Running 'testthat.R' [60s]
    Running the tests in 'tests/testthat.R' failed.
    Complete output:
     > library(testthat)
     > library(stevedore)
     >
     > test_check("stevedore")
     -- 1. Failure: python_locate_version (@test-httppipe-unix.R#97) ---------------
     `python_locate_version("nosuchmodule")` threw an error with unexpected message.
     Expected match: "Did not find required python module 'nosuchmodule'"
     Actual message: "lexical error: invalid char in json text.\n NA\n (right here) ------^\n"
     Backtrace:
     1. testthat::expect_error(...)
     6. stevedore:::python_locate_version("nosuchmodule")
     7. reticulate::py_discover_config(module)
     8. reticulate:::python_conda_versions()
     10. reticulate::conda_list(conda = conda)
     11. jsonlite::fromJSON(conda_envs)
     12. jsonlite:::parse_and_simplify(...)
     13. jsonlite:::parseJSON(txt, bigint_as_char)
     14. jsonlite:::parse_string(txt, bigint_as_char)
    
     -- 2. Failure: python_locate_version (@test-httppipe-unix.R#100) --------------
     `python_locate_version("nosuchmodule")` threw an error with unexpected message.
     Expected match: "Did not find required python module 'nosuchmodule'"
     Actual message: "lexical error: invalid char in json text.\n NA\n (right here) ------^\n"
     Backtrace:
     1. testthat::expect_error(...)
     6. stevedore:::python_locate_version("nosuchmodule")
     7. reticulate::py_discover_config(module)
     8. reticulate:::python_conda_versions()
     10. reticulate::conda_list(conda = conda)
     11. jsonlite::fromJSON(conda_envs)
     12. jsonlite:::parse_and_simplify(...)
     13. jsonlite:::parseJSON(txt, bigint_as_char)
     14. jsonlite:::parse_string(txt, bigint_as_char)
    
     == testthat results ===========================================================
     [ OK: 3275 | SKIPPED: 159 | WARNINGS: 3 | FAILED: 2 ]
     1. Failure: python_locate_version (@test-httppipe-unix.R#97)
     2. Failure: python_locate_version (@test-httppipe-unix.R#100)
    
     Error: testthat unit tests failed
     Execution halted
Flavor: r-release-windows-ix86+x86_64

Version: 0.9.3
Check: tests
Result: ERROR
     Running 'testthat.R' [92s]
    Running the tests in 'tests/testthat.R' failed.
    Complete output:
     > library(testthat)
     > library(stevedore)
     >
     > test_check("stevedore")
     -- 1. Failure: python_locate_version (@test-httppipe-unix.R#97) ---------------
     `python_locate_version("nosuchmodule")` threw an error with unexpected message.
     Expected match: "Did not find required python module 'nosuchmodule'"
     Actual message: "lexical error: invalid char in json text.\n NA\n (right here) ------^\n"
     Backtrace:
     1. testthat::expect_error(...)
     6. stevedore:::python_locate_version("nosuchmodule")
     7. reticulate::py_discover_config(module)
     8. reticulate:::python_conda_versions()
     10. reticulate::conda_list(conda = conda)
     11. jsonlite::fromJSON(conda_envs)
     12. jsonlite:::parse_and_simplify(...)
     13. jsonlite:::parseJSON(txt, bigint_as_char)
     14. jsonlite:::parse_string(txt, bigint_as_char)
    
     -- 2. Failure: python_locate_version (@test-httppipe-unix.R#100) --------------
     `python_locate_version("nosuchmodule")` threw an error with unexpected message.
     Expected match: "Did not find required python module 'nosuchmodule'"
     Actual message: "lexical error: invalid char in json text.\n NA\n (right here) ------^\n"
     Backtrace:
     1. testthat::expect_error(...)
     6. stevedore:::python_locate_version("nosuchmodule")
     7. reticulate::py_discover_config(module)
     8. reticulate:::python_conda_versions()
     10. reticulate::conda_list(conda = conda)
     11. jsonlite::fromJSON(conda_envs)
     12. jsonlite:::parse_and_simplify(...)
     13. jsonlite:::parseJSON(txt, bigint_as_char)
     14. jsonlite:::parse_string(txt, bigint_as_char)
    
     == testthat results ===========================================================
     [ OK: 3275 | SKIPPED: 159 | WARNINGS: 3 | FAILED: 2 ]
     1. Failure: python_locate_version (@test-httppipe-unix.R#97)
     2. Failure: python_locate_version (@test-httppipe-unix.R#100)
    
     Error: testthat unit tests failed
     Execution halted
Flavor: r-oldrel-windows-ix86+x86_64