CRAN Package Check Results for Package stlcsb

Last updated on 2019-09-21 03:48:37 CEST.

Flavor Version Tinstall Tcheck Ttotal Status Flags
r-devel-linux-x86_64-debian-clang 0.1.2 6.70 60.38 67.08 OK
r-devel-linux-x86_64-debian-gcc 0.1.2 6.15 46.89 53.04 OK
r-devel-linux-x86_64-fedora-clang 0.1.2 85.14 NOTE
r-devel-linux-x86_64-fedora-gcc 0.1.2 85.84 NOTE
r-devel-windows-ix86+x86_64 0.1.2 39.00 121.00 160.00 OK
r-patched-linux-x86_64 0.1.2 6.92 57.95 64.87 OK
r-patched-solaris-x86 0.1.2 132.80 NOTE
r-release-linux-x86_64 0.1.2 6.97 59.53 66.50 OK
r-release-windows-ix86+x86_64 0.1.2 17.00 123.00 140.00 OK
r-release-osx-x86_64 0.1.2 NOTE
r-oldrel-windows-ix86+x86_64 0.1.2 9.00 81.00 90.00 OK
r-oldrel-osx-x86_64 0.1.2 NOTE

Check Details

Version: 0.1.2
Check: dependencies in R code
Result: NOTE
    Namespace in Imports field not imported from: ‘tibble’
     All declared Imports should be used.
Flavors: r-devel-linux-x86_64-fedora-clang, r-devel-linux-x86_64-fedora-gcc, r-patched-solaris-x86, r-release-osx-x86_64, r-oldrel-osx-x86_64