CRAN Package Check Results for Package stlcsb

Last updated on 2020-02-28 21:48:15 CET.

Flavor Version Tinstall Tcheck Ttotal Status Flags
r-devel-linux-x86_64-debian-clang 0.1.2 8.18 69.17 77.35 OK
r-devel-linux-x86_64-debian-gcc 0.1.2 7.20 52.29 59.49 OK
r-devel-linux-x86_64-fedora-clang 0.1.2 97.59 NOTE
r-devel-linux-x86_64-fedora-gcc 0.1.2 95.16 NOTE
r-devel-windows-ix86+x86_64 0.1.2 24.00 87.00 111.00 OK
r-devel-windows-ix86+x86_64-gcc8 0.1.2 18.00 89.00 107.00 OK
r-patched-linux-x86_64 0.1.2 5.65 60.54 66.19 OK
r-patched-solaris-x86 0.1.2 132.30 NOTE
r-release-linux-x86_64 0.1.2 6.75 61.55 68.30 OK
r-release-windows-ix86+x86_64 0.1.2 13.00 119.00 132.00 OK
r-release-osx-x86_64 0.1.2 NOTE
r-oldrel-windows-ix86+x86_64 0.1.2 7.00 84.00 91.00 OK
r-oldrel-osx-x86_64 0.1.2 NOTE

Check Details

Version: 0.1.2
Check: dependencies in R code
Result: NOTE
    Namespace in Imports field not imported from: ‘tibble’
     All declared Imports should be used.
Flavors: r-devel-linux-x86_64-fedora-clang, r-devel-linux-x86_64-fedora-gcc, r-patched-solaris-x86, r-release-osx-x86_64, r-oldrel-osx-x86_64