CRAN Package Check Results for Package stoRy

Last updated on 2019-09-22 15:47:21 CEST.

Flavor Version Tinstall Tcheck Ttotal Status Flags
r-devel-linux-x86_64-debian-clang 0.1.3 11.66 67.76 79.42 OK
r-devel-linux-x86_64-debian-gcc 0.1.3 10.72 53.21 63.93 OK
r-devel-linux-x86_64-fedora-clang 0.1.3 103.90 NOTE
r-devel-linux-x86_64-fedora-gcc 0.1.3 101.93 NOTE
r-devel-windows-ix86+x86_64 0.1.3 36.00 92.00 128.00 NOTE
r-patched-linux-x86_64 0.1.3 13.23 65.95 79.18 OK
r-patched-solaris-x86 0.1.3 160.50 NOTE
r-release-linux-x86_64 0.1.3 11.46 66.72 78.18 OK
r-release-windows-ix86+x86_64 0.1.3 20.00 93.00 113.00 NOTE
r-release-osx-x86_64 0.1.3 NOTE
r-oldrel-windows-ix86+x86_64 0.1.3 17.00 99.00 116.00 NOTE
r-oldrel-osx-x86_64 0.1.3 NOTE

Check Details

Version: 0.1.3
Check: installed package size
Result: NOTE
     installed size is 5.6Mb
     sub-directories of 1Mb or more:
     R 2.1Mb
     datasets 2.6Mb
Flavors: r-devel-linux-x86_64-fedora-clang, r-devel-windows-ix86+x86_64, r-patched-solaris-x86, r-release-windows-ix86+x86_64, r-release-osx-x86_64, r-oldrel-windows-ix86+x86_64, r-oldrel-osx-x86_64

Version: 0.1.3
Check: data for non-ASCII characters
Result: NOTE
     Note: found 327 marked UTF-8 strings
Flavors: r-devel-linux-x86_64-fedora-clang, r-devel-linux-x86_64-fedora-gcc, r-patched-solaris-x86, r-release-osx-x86_64, r-oldrel-osx-x86_64