CRAN Package Check Results for Package swissdd

Last updated on 2019-12-13 02:47:09 CET.

Flavor Version Tinstall Tcheck Ttotal Status Flags
r-devel-linux-x86_64-debian-clang 1.0.1 4.87 34.00 38.87 OK
r-devel-linux-x86_64-debian-gcc 1.0.1 3.69 27.42 31.11 OK
r-devel-linux-x86_64-fedora-clang 1.0.1 47.28 NOTE
r-devel-linux-x86_64-fedora-gcc 1.0.1 45.95 NOTE
r-devel-windows-ix86+x86_64 1.0.1 10.00 62.00 72.00 OK
r-devel-windows-ix86+x86_64-gcc8 1.0.1 13.00 67.00 80.00 OK
r-patched-linux-x86_64 1.0.1 4.09 30.61 34.70 OK
r-patched-solaris-x86 1.0.1 67.60 NOTE
r-release-linux-x86_64 1.0.1 3.87 31.25 35.12 OK
r-release-windows-ix86+x86_64 1.0.1 10.00 41.00 51.00 OK
r-release-osx-x86_64 1.0.1 NOTE
r-oldrel-windows-ix86+x86_64 1.0.1 4.00 43.00 47.00 OK
r-oldrel-osx-x86_64 1.0.1 NOTE

Check Details

Version: 1.0.1
Check: dependencies in R code
Result: NOTE
    Namespaces in Imports field not imported from:
     ‘curl’ ‘magrittr’
     All declared Imports should be used.
Flavors: r-devel-linux-x86_64-fedora-clang, r-devel-linux-x86_64-fedora-gcc, r-patched-solaris-x86, r-release-osx-x86_64, r-oldrel-osx-x86_64