CRAN Package Check Results for Package sysid

Last updated on 2020-07-10 03:47:32 CEST.

Flavor Version Tinstall Tcheck Ttotal Status Flags
r-devel-linux-x86_64-debian-clang 1.0.4 7.49 62.68 70.17 NOTE
r-devel-linux-x86_64-debian-gcc 1.0.4 5.92 47.67 53.59 NOTE
r-devel-linux-x86_64-fedora-clang 1.0.4 91.99 NOTE
r-devel-linux-x86_64-fedora-gcc 1.0.4 82.42 NOTE
r-devel-windows-ix86+x86_64 1.0.4 14.00 102.00 116.00 OK
r-patched-linux-x86_64 1.0.4 6.41 60.19 66.60 NOTE
r-patched-solaris-x86 1.0.4 122.10 NOTE
r-release-linux-x86_64 1.0.4 7.70 62.28 69.98 NOTE
r-release-osx-x86_64 1.0.4 OK
r-release-windows-ix86+x86_64 1.0.4 15.00 72.00 87.00 OK
r-oldrel-osx-x86_64 1.0.4 OK
r-oldrel-windows-ix86+x86_64 1.0.4 26.00 71.00 97.00 OK

Check Details

Version: 1.0.4
Check: for non-standard things in the check directory
Result: NOTE
    Found the following files/directories:
     'test.csv'
Flavors: r-devel-linux-x86_64-debian-clang, r-devel-linux-x86_64-debian-gcc, r-devel-linux-x86_64-fedora-clang, r-devel-linux-x86_64-fedora-gcc, r-patched-linux-x86_64, r-patched-solaris-x86, r-release-linux-x86_64