CRAN Package Check Results for Package sysid

Last updated on 2019-12-05 14:49:05 CET.

Flavor Version Tinstall Tcheck Ttotal Status Flags
r-devel-linux-x86_64-debian-clang 1.0.4 6.57 59.50 66.07 NOTE
r-devel-linux-x86_64-debian-gcc 1.0.4 6.15 45.71 51.86 NOTE
r-devel-linux-x86_64-fedora-clang 1.0.4 78.00 NOTE
r-devel-linux-x86_64-fedora-gcc 1.0.4 75.98 NOTE
r-devel-windows-ix86+x86_64 1.0.4 15.00 101.00 116.00 OK
r-devel-windows-ix86+x86_64-gcc8 1.0.4 15.00 134.00 149.00 OK
r-patched-linux-x86_64 1.0.4 5.39 53.36 58.75 OK
r-patched-solaris-x86 1.0.4 112.70 OK
r-release-linux-x86_64 1.0.4 5.52 54.90 60.42 OK
r-release-windows-ix86+x86_64 1.0.4 12.00 81.00 93.00 OK
r-release-osx-x86_64 1.0.4 OK
r-oldrel-windows-ix86+x86_64 1.0.4 11.00 99.00 110.00 OK
r-oldrel-osx-x86_64 1.0.4 OK

Check Details

Version: 1.0.4
Check: for non-standard things in the check directory
Result: NOTE
    Found the following files/directories:
     'test.csv'
Flavors: r-devel-linux-x86_64-debian-clang, r-devel-linux-x86_64-debian-gcc, r-devel-linux-x86_64-fedora-clang, r-devel-linux-x86_64-fedora-gcc