CRAN Package Check Results for Package tablerDash

Last updated on 2019-09-23 03:49:10 CEST.

Flavor Version Tinstall Tcheck Ttotal Status Flags
r-devel-linux-x86_64-debian-clang 0.1.0 3.09 19.40 22.49 OK
r-devel-linux-x86_64-debian-gcc 0.1.0 2.44 15.82 18.26 OK
r-devel-linux-x86_64-fedora-clang 0.1.0 28.74 NOTE
r-devel-linux-x86_64-fedora-gcc 0.1.0 27.40 NOTE
r-devel-windows-ix86+x86_64 0.1.0 20.00 34.00 54.00 OK
r-patched-linux-x86_64 0.1.0 2.67 19.41 22.08 OK
r-patched-solaris-x86 0.1.0 42.90 NOTE
r-release-linux-x86_64 0.1.0 2.39 19.63 22.02 OK
r-release-windows-ix86+x86_64 0.1.0 13.00 43.00 56.00 OK
r-release-osx-x86_64 0.1.0 NOTE
r-oldrel-windows-ix86+x86_64 0.1.0 6.00 39.00 45.00 OK
r-oldrel-osx-x86_64 0.1.0 NOTE

Check Details

Version: 0.1.0
Check: dependencies in R code
Result: NOTE
    Namespace in Imports field not imported from: ‘knitr’
     All declared Imports should be used.
Flavors: r-devel-linux-x86_64-fedora-clang, r-devel-linux-x86_64-fedora-gcc, r-patched-solaris-x86, r-release-osx-x86_64, r-oldrel-osx-x86_64