CRAN Package Check Results for Package tabulizerjars

Last updated on 2020-02-24 02:47:17 CET.

Flavor Version Tinstall Tcheck Ttotal Status Flags
r-devel-linux-x86_64-debian-clang 1.0.1 4.47 31.35 35.82 OK
r-devel-linux-x86_64-debian-gcc 1.0.1 OK
r-devel-linux-x86_64-fedora-clang 1.0.1 45.18 NOTE
r-devel-linux-x86_64-fedora-gcc 1.0.1 43.97 OK
r-devel-windows-ix86+x86_64 1.0.1 9.00 54.00 63.00 NOTE
r-devel-windows-ix86+x86_64-gcc8 1.0.1 16.00 50.00 66.00 NOTE
r-patched-linux-x86_64 1.0.1 OK
r-patched-solaris-x86 1.0.1 66.30 NOTE
r-release-linux-x86_64 1.0.1 3.10 28.51 31.61 OK
r-release-windows-ix86+x86_64 1.0.1 8.00 59.00 67.00 NOTE
r-release-osx-x86_64 1.0.1 NOTE
r-oldrel-windows-ix86+x86_64 1.0.1 5.00 40.00 45.00 NOTE
r-oldrel-osx-x86_64 1.0.1 NOTE

Check Details

Version: 1.0.1
Check: installed package size
Result: NOTE
     installed size is 11.6Mb
     sub-directories of 1Mb or more:
     java 11.5Mb
Flavors: r-devel-linux-x86_64-fedora-clang, r-devel-windows-ix86+x86_64, r-devel-windows-ix86+x86_64-gcc8, r-patched-solaris-x86, r-release-windows-ix86+x86_64, r-release-osx-x86_64, r-oldrel-windows-ix86+x86_64, r-oldrel-osx-x86_64