CRAN Package Check Results for Package teachingApps

Last updated on 2020-06-01 15:47:58 CEST.

Flavor Version Tinstall Tcheck Ttotal Status Flags
r-devel-linux-x86_64-debian-clang 1.0.8 255.94 86.91 342.85 OK
r-devel-linux-x86_64-debian-gcc 1.0.8 178.19 65.82 244.01 OK
r-devel-linux-x86_64-fedora-clang 1.0.8 506.88 NOTE
r-devel-linux-x86_64-fedora-gcc 1.0.8 408.89 OK
r-devel-windows-ix86+x86_64 1.0.8 619.00 182.00 801.00 NOTE
r-patched-linux-x86_64 1.0.8 185.51 85.56 271.07 OK
r-patched-solaris-x86 1.0.8 370.20 OK
r-release-linux-x86_64 1.0.8 180.98 86.23 267.21 OK
r-release-osx-x86_64 1.0.8 NOTE
r-release-windows-ix86+x86_64 1.0.8 476.00 271.00 747.00 NOTE
r-oldrel-osx-x86_64 1.0.8 NOTE
r-oldrel-windows-ix86+x86_64 1.0.8 467.00 139.00 606.00 NOTE

Check Details

Version: 1.0.8
Check: installed package size
Result: NOTE
     installed size is 16.3Mb
     sub-directories of 1Mb or more:
     apps 3.2Mb
     libs 11.1Mb
Flavors: r-devel-linux-x86_64-fedora-clang, r-devel-windows-ix86+x86_64, r-release-osx-x86_64, r-release-windows-ix86+x86_64, r-oldrel-osx-x86_64, r-oldrel-windows-ix86+x86_64