CRAN Package Check Results for Package tensorsparse

Last updated on 2020-05-27 03:48:46 CEST.

Flavor Version Tinstall Tcheck Ttotal Status Flags
r-devel-linux-x86_64-debian-clang 2.0 13.85 103.70 117.55 OK
r-devel-linux-x86_64-debian-gcc 2.0 11.49 77.63 89.12 OK
r-devel-linux-x86_64-fedora-clang 2.0 147.09 NOTE
r-devel-linux-x86_64-fedora-gcc 2.0 141.38 NOTE
r-devel-windows-ix86+x86_64 2.0 45.00 217.00 262.00 OK
r-patched-linux-x86_64 2.0 15.34 99.73 115.07 OK
r-patched-solaris-x86 2.0 199.20 NOTE
r-release-linux-x86_64 2.0 15.35 99.92 115.27 OK
r-release-osx-x86_64 2.0 NOTE
r-release-windows-ix86+x86_64 2.0 40.00 222.00 262.00 OK
r-oldrel-osx-x86_64 2.0 WARN
r-oldrel-windows-ix86+x86_64 2.0 29.00 137.00 166.00 OK

Check Details

Version: 2.0
Check: dependencies in R code
Result: NOTE
    Namespace in Imports field not imported from: ‘utils’
     All declared Imports should be used.
Flavors: r-devel-linux-x86_64-fedora-clang, r-devel-linux-x86_64-fedora-gcc, r-patched-solaris-x86, r-release-osx-x86_64, r-oldrel-osx-x86_64

Version: 2.0
Check: whether package can be installed
Result: WARN
    Found the following significant warnings:
     Warning: 'rgl.init' failed, running with 'rgl.useNULL = TRUE'.
Flavor: r-oldrel-osx-x86_64