CRAN Package Check Results for Package tidyMicro

Last updated on 2020-08-08 03:50:58 CEST.

Flavor Version Tinstall Tcheck Ttotal Status Flags
r-devel-linux-x86_64-debian-clang 1.43 16.90 266.49 283.39 OK
r-devel-linux-x86_64-debian-gcc 1.43 15.12 192.25 207.37 OK
r-devel-linux-x86_64-fedora-clang 1.43 320.34 NOTE
r-devel-linux-x86_64-fedora-gcc 1.43 313.66 NOTE
r-devel-windows-ix86+x86_64 1.43 43.00 346.00 389.00 OK
r-patched-linux-x86_64 1.43 12.81 252.05 264.86 OK
r-patched-solaris-x86 1.43 447.10 NOTE
r-release-linux-x86_64 1.43 13.18 253.80 266.98 OK
r-release-macos-x86_64 1.43 NOTE
r-release-windows-ix86+x86_64 1.43 46.00 268.00 314.00 OK
r-oldrel-macos-x86_64 1.43 NOTE
r-oldrel-windows-ix86+x86_64 1.43 29.00 272.00 301.00 OK

Check Details

Version: 1.43
Check: package dependencies
Result: NOTE
    Imports includes 30 non-default packages.
    Importing from so many packages makes the package vulnerable to any of
    them becoming unavailable. Move as many as possible to Suggests and
    use conditionally.
Flavor: r-devel-linux-x86_64-fedora-clang

Version: 1.43
Check: dependencies in R code
Result: NOTE
    Namespaces in Imports field not imported from:
     ‘Evomorph’ ‘cowplot’ ‘factoextra’ ‘gridExtra’ ‘lme4’ ‘lsr’ ‘plotly’
     ‘png’ ‘shapes’
     All declared Imports should be used.
Flavors: r-devel-linux-x86_64-fedora-clang, r-devel-linux-x86_64-fedora-gcc, r-patched-solaris-x86, r-release-macos-x86_64, r-oldrel-macos-x86_64