CRAN Package Check Results for Package tidypredict

Last updated on 2020-09-29 03:48:36 CEST.

Flavor Version Tinstall Tcheck Ttotal Status Flags
r-devel-linux-x86_64-debian-clang 0.4.6 6.01 159.29 165.30 ERROR
r-devel-linux-x86_64-debian-gcc 0.4.6 4.57 114.86 119.43 ERROR
r-devel-linux-x86_64-fedora-clang 0.4.6 206.72 ERROR
r-devel-linux-x86_64-fedora-gcc 0.4.6 196.38 ERROR
r-devel-windows-ix86+x86_64 0.4.6 9.00 142.00 151.00 ERROR
r-patched-linux-x86_64 0.4.6 5.02 149.87 154.89 ERROR
r-patched-solaris-x86 0.4.6 254.40 ERROR
r-release-linux-x86_64 0.4.6 5.69 151.75 157.44 ERROR
r-release-macos-x86_64 0.4.6 OK
r-release-windows-ix86+x86_64 0.4.6 12.00 188.00 200.00 ERROR
r-oldrel-macos-x86_64 0.4.6 OK
r-oldrel-windows-ix86+x86_64 0.4.6 10.00 179.00 189.00 ERROR

Check Details

Version: 0.4.6
Check: tests
Result: ERROR
     Running 'testthat.R' [28s/29s]
    Running the tests in 'tests/testthat.R' failed.
    Complete output:
     > library(testthat)
     > library(tidypredict)
     >
     > test_check("tidypredict")
     -- 1. Error: first degree earth model with different interfaces (@test-earth.R#9
     argument is of length zero
     Backtrace:
     1. rlang::eval_tidy(tidypredict_fit(xy_mod_1), iris[, -1])
     3. tidypredict:::tidypredict_fit.earth(xy_mod_1)
     5. tidypredict:::parse_model.earth(model)
     6. purrr::map(...)
     7. tidypredict:::.f(.x[[i]], ...)
     8. tidypredict:::get_fields(.x, model)
     9. purrr::map(...)
     10. tidypredict:::.f(.x[[i]], ...)
    
     -- 2. Error: 2nd degree earth model with different interfaces (@test-earth.R#103
     argument is of length zero
     Backtrace:
     1. rlang::eval_tidy(tidypredict_fit(xy_mod_2), iris[, -1])
     3. tidypredict:::tidypredict_fit.earth(xy_mod_2)
     5. tidypredict:::parse_model.earth(model)
     6. purrr::map(...)
     7. tidypredict:::.f(.x[[i]], ...)
     8. tidypredict:::get_fields(.x, model)
     9. purrr::map(...)
     10. tidypredict:::.f(.x[[i]], ...)
    
     [05:13:59] WARNING: amalgamation/../src/learner.cc:516:
     Parameters: { silent } might not be used.
    
     This may not be accurate due to some parameters are only used in language bindings but
     passed down to XGBoost core. Or some parameters are not used but slip through this
     verification. Please open an issue if you find above cases.
    
    
     [05:13:59] WARNING: amalgamation/../src/learner.cc:516:
     Parameters: { silent } might not be used.
    
     This may not be accurate due to some parameters are only used in language bindings but
     passed down to XGBoost core. Or some parameters are not used but slip through this
     verification. Please open an issue if you find above cases.
    
    
     [05:13:59] WARNING: amalgamation/../src/learner.cc:516:
     Parameters: { silent } might not be used.
    
     This may not be accurate due to some parameters are only used in language bindings but
     passed down to XGBoost core. Or some parameters are not used but slip through this
     verification. Please open an issue if you find above cases.
    
    
     [05:13:59] WARNING: amalgamation/../src/learner.cc:516:
     Parameters: { silent } might not be used.
    
     This may not be accurate due to some parameters are only used in language bindings but
     passed down to XGBoost core. Or some parameters are not used but slip through this
     verification. Please open an issue if you find above cases.
    
    
     [05:13:59] WARNING: amalgamation/../src/learner.cc:516:
     Parameters: { silent } might not be used.
    
     This may not be accurate due to some parameters are only used in language bindings but
     passed down to XGBoost core. Or some parameters are not used but slip through this
     verification. Please open an issue if you find above cases.
    
    
     [05:13:59] WARNING: amalgamation/../src/learner.cc:516:
     Parameters: { silent } might not be used.
    
     This may not be accurate due to some parameters are only used in language bindings but
     passed down to XGBoost core. Or some parameters are not used but slip through this
     verification. Please open an issue if you find above cases.
    
    
     [05:14:01] WARNING: amalgamation/../src/learner.cc:516:
     Parameters: { silent } might not be used.
    
     This may not be accurate due to some parameters are only used in language bindings but
     passed down to XGBoost core. Or some parameters are not used but slip through this
     verification. Please open an issue if you find above cases.
    
    
     [05:14:01] WARNING: amalgamation/../src/learner.cc:516:
     Parameters: { silent } might not be used.
    
     This may not be accurate due to some parameters are only used in language bindings but
     passed down to XGBoost core. Or some parameters are not used but slip through this
     verification. Please open an issue if you find above cases.
    
    
     == testthat results ===========================================================
     [ OK: 110 | SKIPPED: 0 | WARNINGS: 1 | FAILED: 2 ]
     1. Error: first degree earth model with different interfaces (@test-earth.R#90)
     2. Error: 2nd degree earth model with different interfaces (@test-earth.R#103)
    
     Error: testthat unit tests failed
     Execution halted
Flavor: r-devel-linux-x86_64-debian-clang

Version: 0.4.6
Check: tests
Result: ERROR
     Running ‘testthat.R’ [20s/31s]
    Running the tests in ‘tests/testthat.R’ failed.
    Complete output:
     > library(testthat)
     > library(tidypredict)
     >
     > test_check("tidypredict")
     ── 1. Error: first degree earth model with different interfaces (@test-earth.R#9
     argument is of length zero
     Backtrace:
     1. rlang::eval_tidy(tidypredict_fit(xy_mod_1), iris[, -1])
     3. tidypredict:::tidypredict_fit.earth(xy_mod_1)
     5. tidypredict:::parse_model.earth(model)
     6. purrr::map(...)
     7. tidypredict:::.f(.x[[i]], ...)
     8. tidypredict:::get_fields(.x, model)
     9. purrr::map(...)
     10. tidypredict:::.f(.x[[i]], ...)
    
     ── 2. Error: 2nd degree earth model with different interfaces (@test-earth.R#103
     argument is of length zero
     Backtrace:
     1. rlang::eval_tidy(tidypredict_fit(xy_mod_2), iris[, -1])
     3. tidypredict:::tidypredict_fit.earth(xy_mod_2)
     5. tidypredict:::parse_model.earth(model)
     6. purrr::map(...)
     7. tidypredict:::.f(.x[[i]], ...)
     8. tidypredict:::get_fields(.x, model)
     9. purrr::map(...)
     10. tidypredict:::.f(.x[[i]], ...)
    
     [01:19:57] WARNING: amalgamation/../src/learner.cc:516:
     Parameters: { silent } might not be used.
    
     This may not be accurate due to some parameters are only used in language bindings but
     passed down to XGBoost core. Or some parameters are not used but slip through this
     verification. Please open an issue if you find above cases.
    
    
     [01:19:57] WARNING: amalgamation/../src/learner.cc:516:
     Parameters: { silent } might not be used.
    
     This may not be accurate due to some parameters are only used in language bindings but
     passed down to XGBoost core. Or some parameters are not used but slip through this
     verification. Please open an issue if you find above cases.
    
    
     [01:19:57] WARNING: amalgamation/../src/learner.cc:516:
     Parameters: { silent } might not be used.
    
     This may not be accurate due to some parameters are only used in language bindings but
     passed down to XGBoost core. Or some parameters are not used but slip through this
     verification. Please open an issue if you find above cases.
    
    
     [01:19:57] WARNING: amalgamation/../src/learner.cc:516:
     Parameters: { silent } might not be used.
    
     This may not be accurate due to some parameters are only used in language bindings but
     passed down to XGBoost core. Or some parameters are not used but slip through this
     verification. Please open an issue if you find above cases.
    
    
     [01:19:57] WARNING: amalgamation/../src/learner.cc:516:
     Parameters: { silent } might not be used.
    
     This may not be accurate due to some parameters are only used in language bindings but
     passed down to XGBoost core. Or some parameters are not used but slip through this
     verification. Please open an issue if you find above cases.
    
    
     [01:19:57] WARNING: amalgamation/../src/learner.cc:516:
     Parameters: { silent } might not be used.
    
     This may not be accurate due to some parameters are only used in language bindings but
     passed down to XGBoost core. Or some parameters are not used but slip through this
     verification. Please open an issue if you find above cases.
    
    
     [01:19:59] WARNING: amalgamation/../src/learner.cc:516:
     Parameters: { silent } might not be used.
    
     This may not be accurate due to some parameters are only used in language bindings but
     passed down to XGBoost core. Or some parameters are not used but slip through this
     verification. Please open an issue if you find above cases.
    
    
     [01:19:59] WARNING: amalgamation/../src/learner.cc:516:
     Parameters: { silent } might not be used.
    
     This may not be accurate due to some parameters are only used in language bindings but
     passed down to XGBoost core. Or some parameters are not used but slip through this
     verification. Please open an issue if you find above cases.
    
    
     ══ testthat results ═══════════════════════════════════════════════════════════
     [ OK: 110 | SKIPPED: 0 | WARNINGS: 1 | FAILED: 2 ]
     1. Error: first degree earth model with different interfaces (@test-earth.R#90)
     2. Error: 2nd degree earth model with different interfaces (@test-earth.R#103)
    
     Error: testthat unit tests failed
     Execution halted
Flavor: r-devel-linux-x86_64-debian-gcc

Version: 0.4.6
Check: tests
Result: ERROR
     Running ‘testthat.R’ [32s/87s]
    Running the tests in ‘tests/testthat.R’ failed.
    Complete output:
     > library(testthat)
     > library(tidypredict)
     >
     > test_check("tidypredict")
     ── 1. Error: first degree earth model with different interfaces (@test-earth.R#9
     argument is of length zero
     Backtrace:
     1. rlang::eval_tidy(tidypredict_fit(xy_mod_1), iris[, -1])
     3. tidypredict:::tidypredict_fit.earth(xy_mod_1)
     5. tidypredict:::parse_model.earth(model)
     6. purrr::map(...)
     7. tidypredict:::.f(.x[[i]], ...)
     8. tidypredict:::get_fields(.x, model)
     9. purrr::map(...)
     10. tidypredict:::.f(.x[[i]], ...)
    
     ── 2. Error: 2nd degree earth model with different interfaces (@test-earth.R#103
     argument is of length zero
     Backtrace:
     1. rlang::eval_tidy(tidypredict_fit(xy_mod_2), iris[, -1])
     3. tidypredict:::tidypredict_fit.earth(xy_mod_2)
     5. tidypredict:::parse_model.earth(model)
     6. purrr::map(...)
     7. tidypredict:::.f(.x[[i]], ...)
     8. tidypredict:::get_fields(.x, model)
     9. purrr::map(...)
     10. tidypredict:::.f(.x[[i]], ...)
    
     OMP: Warning #96: Cannot form a team with 24 threads, using 2 instead.
     OMP: Hint Consider unsetting KMP_DEVICE_THREAD_LIMIT (KMP_ALL_THREADS), KMP_TEAMS_THREAD_LIMIT, and OMP_THREAD_LIMIT (if any are set).
     [04:35:08] WARNING: amalgamation/../src/learner.cc:516:
     Parameters: { silent } might not be used.
    
     This may not be accurate due to some parameters are only used in language bindings but
     passed down to XGBoost core. Or some parameters are not used but slip through this
     verification. Please open an issue if you find above cases.
    
    
     [04:35:08] WARNING: amalgamation/../src/learner.cc:516:
     Parameters: { silent } might not be used.
    
     This may not be accurate due to some parameters are only used in language bindings but
     passed down to XGBoost core. Or some parameters are not used but slip through this
     verification. Please open an issue if you find above cases.
    
    
     [04:35:08] WARNING: amalgamation/../src/learner.cc:516:
     Parameters: { silent } might not be used.
    
     This may not be accurate due to some parameters are only used in language bindings but
     passed down to XGBoost core. Or some parameters are not used but slip through this
     verification. Please open an issue if you find above cases.
    
    
     [04:35:08] WARNING: amalgamation/../src/learner.cc:516:
     Parameters: { silent } might not be used.
    
     This may not be accurate due to some parameters are only used in language bindings but
     passed down to XGBoost core. Or some parameters are not used but slip through this
     verification. Please open an issue if you find above cases.
    
    
     [04:35:08] WARNING: amalgamation/../src/learner.cc:516:
     Parameters: { silent } might not be used.
    
     This may not be accurate due to some parameters are only used in language bindings but
     passed down to XGBoost core. Or some parameters are not used but slip through this
     verification. Please open an issue if you find above cases.
    
    
     [04:35:08] WARNING: amalgamation/../src/learner.cc:516:
     Parameters: { silent } might not be used.
    
     This may not be accurate due to some parameters are only used in language bindings but
     passed down to XGBoost core. Or some parameters are not used but slip through this
     verification. Please open an issue if you find above cases.
    
    
     [04:35:13] WARNING: amalgamation/../src/learner.cc:516:
     Parameters: { silent } might not be used.
    
     This may not be accurate due to some parameters are only used in language bindings but
     passed down to XGBoost core. Or some parameters are not used but slip through this
     verification. Please open an issue if you find above cases.
    
    
     [04:35:13] WARNING: amalgamation/../src/learner.cc:516:
     Parameters: { silent } might not be used.
    
     This may not be accurate due to some parameters are only used in language bindings but
     passed down to XGBoost core. Or some parameters are not used but slip through this
     verification. Please open an issue if you find above cases.
    
    
     ══ testthat results ═══════════════════════════════════════════════════════════
     [ OK: 110 | SKIPPED: 0 | WARNINGS: 1 | FAILED: 2 ]
     1. Error: first degree earth model with different interfaces (@test-earth.R#90)
     2. Error: 2nd degree earth model with different interfaces (@test-earth.R#103)
    
     Error: testthat unit tests failed
     Execution halted
Flavor: r-devel-linux-x86_64-fedora-clang

Version: 0.4.6
Check: tests
Result: ERROR
     Running ‘testthat.R’ [32s/41s]
    Running the tests in ‘tests/testthat.R’ failed.
    Complete output:
     > library(testthat)
     > library(tidypredict)
     >
     > test_check("tidypredict")
     ── 1. Error: first degree earth model with different interfaces (@test-earth.R#9
     argument is of length zero
     Backtrace:
     1. rlang::eval_tidy(tidypredict_fit(xy_mod_1), iris[, -1])
     3. tidypredict:::tidypredict_fit.earth(xy_mod_1)
     5. tidypredict:::parse_model.earth(model)
     6. purrr::map(...)
     7. tidypredict:::.f(.x[[i]], ...)
     8. tidypredict:::get_fields(.x, model)
     9. purrr::map(...)
     10. tidypredict:::.f(.x[[i]], ...)
    
     ── 2. Error: 2nd degree earth model with different interfaces (@test-earth.R#103
     argument is of length zero
     Backtrace:
     1. rlang::eval_tidy(tidypredict_fit(xy_mod_2), iris[, -1])
     3. tidypredict:::tidypredict_fit.earth(xy_mod_2)
     5. tidypredict:::parse_model.earth(model)
     6. purrr::map(...)
     7. tidypredict:::.f(.x[[i]], ...)
     8. tidypredict:::get_fields(.x, model)
     9. purrr::map(...)
     10. tidypredict:::.f(.x[[i]], ...)
    
     [02:31:10] WARNING: amalgamation/../src/learner.cc:516:
     Parameters: { silent } might not be used.
    
     This may not be accurate due to some parameters are only used in language bindings but
     passed down to XGBoost core. Or some parameters are not used but slip through this
     verification. Please open an issue if you find above cases.
    
    
     [02:31:10] WARNING: amalgamation/../src/learner.cc:516:
     Parameters: { silent } might not be used.
    
     This may not be accurate due to some parameters are only used in language bindings but
     passed down to XGBoost core. Or some parameters are not used but slip through this
     verification. Please open an issue if you find above cases.
    
    
     [02:31:10] WARNING: amalgamation/../src/learner.cc:516:
     Parameters: { silent } might not be used.
    
     This may not be accurate due to some parameters are only used in language bindings but
     passed down to XGBoost core. Or some parameters are not used but slip through this
     verification. Please open an issue if you find above cases.
    
    
     [02:31:10] WARNING: amalgamation/../src/learner.cc:516:
     Parameters: { silent } might not be used.
    
     This may not be accurate due to some parameters are only used in language bindings but
     passed down to XGBoost core. Or some parameters are not used but slip through this
     verification. Please open an issue if you find above cases.
    
    
     [02:31:10] WARNING: amalgamation/../src/learner.cc:516:
     Parameters: { silent } might not be used.
    
     This may not be accurate due to some parameters are only used in language bindings but
     passed down to XGBoost core. Or some parameters are not used but slip through this
     verification. Please open an issue if you find above cases.
    
    
     [02:31:10] WARNING: amalgamation/../src/learner.cc:516:
     Parameters: { silent } might not be used.
    
     This may not be accurate due to some parameters are only used in language bindings but
     passed down to XGBoost core. Or some parameters are not used but slip through this
     verification. Please open an issue if you find above cases.
    
    
     [02:31:13] WARNING: amalgamation/../src/learner.cc:516:
     Parameters: { silent } might not be used.
    
     This may not be accurate due to some parameters are only used in language bindings but
     passed down to XGBoost core. Or some parameters are not used but slip through this
     verification. Please open an issue if you find above cases.
    
    
     [02:31:13] WARNING: amalgamation/../src/learner.cc:516:
     Parameters: { silent } might not be used.
    
     This may not be accurate due to some parameters are only used in language bindings but
     passed down to XGBoost core. Or some parameters are not used but slip through this
     verification. Please open an issue if you find above cases.
    
    
     ══ testthat results ═══════════════════════════════════════════════════════════
     [ OK: 110 | SKIPPED: 0 | WARNINGS: 1 | FAILED: 2 ]
     1. Error: first degree earth model with different interfaces (@test-earth.R#90)
     2. Error: 2nd degree earth model with different interfaces (@test-earth.R#103)
    
     Error: testthat unit tests failed
     Execution halted
Flavor: r-devel-linux-x86_64-fedora-gcc

Version: 0.4.6
Check: tests
Result: ERROR
     Running 'testthat.R' [22s]
    Running the tests in 'tests/testthat.R' failed.
    Complete output:
     > library(testthat)
     > library(tidypredict)
     >
     > test_check("tidypredict")
     -- 1. Error: first degree earth model with different interfaces (@test-earth.R#9
     argument is of length zero
     Backtrace:
     1. rlang::eval_tidy(tidypredict_fit(xy_mod_1), iris[, -1])
     3. tidypredict:::tidypredict_fit.earth(xy_mod_1)
     5. tidypredict:::parse_model.earth(model)
     6. purrr::map(...)
     7. tidypredict:::.f(.x[[i]], ...)
     8. tidypredict:::get_fields(.x, model)
     9. purrr::map(...)
     10. tidypredict:::.f(.x[[i]], ...)
    
     -- 2. Error: 2nd degree earth model with different interfaces (@test-earth.R#103
     argument is of length zero
     Backtrace:
     1. rlang::eval_tidy(tidypredict_fit(xy_mod_2), iris[, -1])
     3. tidypredict:::tidypredict_fit.earth(xy_mod_2)
     5. tidypredict:::parse_model.earth(model)
     6. purrr::map(...)
     7. tidypredict:::.f(.x[[i]], ...)
     8. tidypredict:::get_fields(.x, model)
     9. purrr::map(...)
     10. tidypredict:::.f(.x[[i]], ...)
    
     [00:41:34] WARNING: amalgamation/../src/learner.cc:516:
     Parameters: { silent } might not be used.
    
     This may not be accurate due to some parameters are only used in language bindings but
     passed down to XGBoost core. Or some parameters are not used but slip through this
     verification. Please open an issue if you find above cases.
    
    
     [00:41:34] WARNING: amalgamation/../src/learner.cc:516:
     Parameters: { silent } might not be used.
    
     This may not be accurate due to some parameters are only used in language bindings but
     passed down to XGBoost core. Or some parameters are not used but slip through this
     verification. Please open an issue if you find above cases.
    
    
     [00:41:34] WARNING: amalgamation/../src/learner.cc:516:
     Parameters: { silent } might not be used.
    
     This may not be accurate due to some parameters are only used in language bindings but
     passed down to XGBoost core. Or some parameters are not used but slip through this
     verification. Please open an issue if you find above cases.
    
    
     [00:41:34] WARNING: amalgamation/../src/learner.cc:516:
     Parameters: { silent } might not be used.
    
     This may not be accurate due to some parameters are only used in language bindings but
     passed down to XGBoost core. Or some parameters are not used but slip through this
     verification. Please open an issue if you find above cases.
    
    
     [00:41:34] WARNING: amalgamation/../src/learner.cc:516:
     Parameters: { silent } might not be used.
    
     This may not be accurate due to some parameters are only used in language bindings but
     passed down to XGBoost core. Or some parameters are not used but slip through this
     verification. Please open an issue if you find above cases.
    
    
     [00:41:34] WARNING: amalgamation/../src/learner.cc:516:
     Parameters: { silent } might not be used.
    
     This may not be accurate due to some parameters are only used in language bindings but
     passed down to XGBoost core. Or some parameters are not used but slip through this
     verification. Please open an issue if you find above cases.
    
    
     [00:41:36] WARNING: amalgamation/../src/learner.cc:516:
     Parameters: { silent } might not be used.
    
     This may not be accurate due to some parameters are only used in language bindings but
     passed down to XGBoost core. Or some parameters are not used but slip through this
     verification. Please open an issue if you find above cases.
    
    
     [00:41:36] WARNING: amalgamation/../src/learner.cc:516:
     Parameters: { silent } might not be used.
    
     This may not be accurate due to some parameters are only used in language bindings but
     passed down to XGBoost core. Or some parameters are not used but slip through this
     verification. Please open an issue if you find above cases.
    
    
     == testthat results ===========================================================
     [ OK: 110 | SKIPPED: 0 | WARNINGS: 1 | FAILED: 2 ]
     1. Error: first degree earth model with different interfaces (@test-earth.R#90)
     2. Error: 2nd degree earth model with different interfaces (@test-earth.R#103)
    
     Error: testthat unit tests failed
     Execution halted
Flavor: r-devel-windows-ix86+x86_64

Version: 0.4.6
Check: tests
Result: ERROR
     Running ‘testthat.R’ [28s/30s]
    Running the tests in ‘tests/testthat.R’ failed.
    Complete output:
     > library(testthat)
     > library(tidypredict)
     >
     > test_check("tidypredict")
     ── 1. Error: first degree earth model with different interfaces (@test-earth.R#9
     argument is of length zero
     Backtrace:
     1. rlang::eval_tidy(tidypredict_fit(xy_mod_1), iris[, -1])
     3. tidypredict:::tidypredict_fit.earth(xy_mod_1)
     5. tidypredict:::parse_model.earth(model)
     6. purrr::map(...)
     7. tidypredict:::.f(.x[[i]], ...)
     8. tidypredict:::get_fields(.x, model)
     9. purrr::map(...)
     10. tidypredict:::.f(.x[[i]], ...)
    
     ── 2. Error: 2nd degree earth model with different interfaces (@test-earth.R#103
     argument is of length zero
     Backtrace:
     1. rlang::eval_tidy(tidypredict_fit(xy_mod_2), iris[, -1])
     3. tidypredict:::tidypredict_fit.earth(xy_mod_2)
     5. tidypredict:::parse_model.earth(model)
     6. purrr::map(...)
     7. tidypredict:::.f(.x[[i]], ...)
     8. tidypredict:::get_fields(.x, model)
     9. purrr::map(...)
     10. tidypredict:::.f(.x[[i]], ...)
    
     [20:35:41] WARNING: amalgamation/../src/learner.cc:516:
     Parameters: { silent } might not be used.
    
     This may not be accurate due to some parameters are only used in language bindings but
     passed down to XGBoost core. Or some parameters are not used but slip through this
     verification. Please open an issue if you find above cases.
    
    
     [20:35:43] WARNING: amalgamation/../src/learner.cc:516:
     Parameters: { silent } might not be used.
    
     This may not be accurate due to some parameters are only used in language bindings but
     passed down to XGBoost core. Or some parameters are not used but slip through this
     verification. Please open an issue if you find above cases.
    
    
     [20:35:44] WARNING: amalgamation/../src/learner.cc:516:
     Parameters: { silent } might not be used.
    
     This may not be accurate due to some parameters are only used in language bindings but
     passed down to XGBoost core. Or some parameters are not used but slip through this
     verification. Please open an issue if you find above cases.
    
    
     [20:35:44] WARNING: amalgamation/../src/learner.cc:516:
     Parameters: { silent } might not be used.
    
     This may not be accurate due to some parameters are only used in language bindings but
     passed down to XGBoost core. Or some parameters are not used but slip through this
     verification. Please open an issue if you find above cases.
    
    
     [20:35:44] WARNING: amalgamation/../src/learner.cc:516:
     Parameters: { silent } might not be used.
    
     This may not be accurate due to some parameters are only used in language bindings but
     passed down to XGBoost core. Or some parameters are not used but slip through this
     verification. Please open an issue if you find above cases.
    
    
     [20:35:44] WARNING: amalgamation/../src/learner.cc:516:
     Parameters: { silent } might not be used.
    
     This may not be accurate due to some parameters are only used in language bindings but
     passed down to XGBoost core. Or some parameters are not used but slip through this
     verification. Please open an issue if you find above cases.
    
    
     [20:35:46] WARNING: amalgamation/../src/learner.cc:516:
     Parameters: { silent } might not be used.
    
     This may not be accurate due to some parameters are only used in language bindings but
     passed down to XGBoost core. Or some parameters are not used but slip through this
     verification. Please open an issue if you find above cases.
    
    
     [20:35:46] WARNING: amalgamation/../src/learner.cc:516:
     Parameters: { silent } might not be used.
    
     This may not be accurate due to some parameters are only used in language bindings but
     passed down to XGBoost core. Or some parameters are not used but slip through this
     verification. Please open an issue if you find above cases.
    
    
     ══ testthat results ═══════════════════════════════════════════════════════════
     [ OK: 110 | SKIPPED: 0 | WARNINGS: 1 | FAILED: 2 ]
     1. Error: first degree earth model with different interfaces (@test-earth.R#90)
     2. Error: 2nd degree earth model with different interfaces (@test-earth.R#103)
    
     Error: testthat unit tests failed
     Execution halted
Flavor: r-patched-linux-x86_64

Version: 0.4.6
Check: tests
Result: ERROR
     Running ‘testthat.R’ [42s/44s]
    Running the tests in ‘tests/testthat.R’ failed.
    Complete output:
     > library(testthat)
     > library(tidypredict)
     >
     > test_check("tidypredict")
     ── 1. Error: first degree earth model with different interfaces (@test-earth.R#9
     argument is of length zero
     Backtrace:
     1. rlang::eval_tidy(tidypredict_fit(xy_mod_1), iris[, -1])
     3. tidypredict:::tidypredict_fit.earth(xy_mod_1)
     5. tidypredict:::parse_model.earth(model)
     6. purrr::map(...)
     7. tidypredict:::.f(.x[[i]], ...)
     8. tidypredict:::get_fields(.x, model)
     9. purrr::map(...)
     10. tidypredict:::.f(.x[[i]], ...)
    
     ── 2. Error: 2nd degree earth model with different interfaces (@test-earth.R#103
     argument is of length zero
     Backtrace:
     1. rlang::eval_tidy(tidypredict_fit(xy_mod_2), iris[, -1])
     3. tidypredict:::tidypredict_fit.earth(xy_mod_2)
     5. tidypredict:::parse_model.earth(model)
     6. purrr::map(...)
     7. tidypredict:::.f(.x[[i]], ...)
     8. tidypredict:::get_fields(.x, model)
     9. purrr::map(...)
     10. tidypredict:::.f(.x[[i]], ...)
    
     [17:11:39] WARNING: amalgamation/../src/learner.cc:516:
     Parameters: { silent } might not be used.
    
     This may not be accurate due to some parameters are only used in language bindings but
     passed down to XGBoost core. Or some parameters are not used but slip through this
     verification. Please open an issue if you find above cases.
    
    
     [17:11:39] WARNING: amalgamation/../src/learner.cc:516:
     Parameters: { silent } might not be used.
    
     This may not be accurate due to some parameters are only used in language bindings but
     passed down to XGBoost core. Or some parameters are not used but slip through this
     verification. Please open an issue if you find above cases.
    
    
     [17:11:39] WARNING: amalgamation/../src/learner.cc:516:
     Parameters: { silent } might not be used.
    
     This may not be accurate due to some parameters are only used in language bindings but
     passed down to XGBoost core. Or some parameters are not used but slip through this
     verification. Please open an issue if you find above cases.
    
    
     [17:11:39] WARNING: amalgamation/../src/learner.cc:516:
     Parameters: { silent } might not be used.
    
     This may not be accurate due to some parameters are only used in language bindings but
     passed down to XGBoost core. Or some parameters are not used but slip through this
     verification. Please open an issue if you find above cases.
    
    
     [17:11:39] WARNING: amalgamation/../src/learner.cc:516:
     Parameters: { silent } might not be used.
    
     This may not be accurate due to some parameters are only used in language bindings but
     passed down to XGBoost core. Or some parameters are not used but slip through this
     verification. Please open an issue if you find above cases.
    
    
     [17:11:39] WARNING: amalgamation/../src/learner.cc:516:
     Parameters: { silent } might not be used.
    
     This may not be accurate due to some parameters are only used in language bindings but
     passed down to XGBoost core. Or some parameters are not used but slip through this
     verification. Please open an issue if you find above cases.
    
    
     [17:11:41] WARNING: amalgamation/../src/learner.cc:516:
     Parameters: { silent } might not be used.
    
     This may not be accurate due to some parameters are only used in language bindings but
     passed down to XGBoost core. Or some parameters are not used but slip through this
     verification. Please open an issue if you find above cases.
    
    
     [17:11:41] WARNING: amalgamation/../src/learner.cc:516:
     Parameters: { silent } might not be used.
    
     This may not be accurate due to some parameters are only used in language bindings but
     passed down to XGBoost core. Or some parameters are not used but slip through this
     verification. Please open an issue if you find above cases.
    
    
     ══ testthat results ═══════════════════════════════════════════════════════════
     [ OK: 110 | SKIPPED: 0 | WARNINGS: 1 | FAILED: 2 ]
     1. Error: first degree earth model with different interfaces (@test-earth.R#90)
     2. Error: 2nd degree earth model with different interfaces (@test-earth.R#103)
    
     Error: testthat unit tests failed
     Execution halted
Flavor: r-patched-solaris-x86

Version: 0.4.6
Check: tests
Result: ERROR
     Running ‘testthat.R’ [26s/30s]
    Running the tests in ‘tests/testthat.R’ failed.
    Complete output:
     > library(testthat)
     > library(tidypredict)
     >
     > test_check("tidypredict")
     ── 1. Error: first degree earth model with different interfaces (@test-earth.R#9
     argument is of length zero
     Backtrace:
     1. rlang::eval_tidy(tidypredict_fit(xy_mod_1), iris[, -1])
     3. tidypredict:::tidypredict_fit.earth(xy_mod_1)
     5. tidypredict:::parse_model.earth(model)
     6. purrr::map(...)
     7. tidypredict:::.f(.x[[i]], ...)
     8. tidypredict:::get_fields(.x, model)
     9. purrr::map(...)
     10. tidypredict:::.f(.x[[i]], ...)
    
     ── 2. Error: 2nd degree earth model with different interfaces (@test-earth.R#103
     argument is of length zero
     Backtrace:
     1. rlang::eval_tidy(tidypredict_fit(xy_mod_2), iris[, -1])
     3. tidypredict:::tidypredict_fit.earth(xy_mod_2)
     5. tidypredict:::parse_model.earth(model)
     6. purrr::map(...)
     7. tidypredict:::.f(.x[[i]], ...)
     8. tidypredict:::get_fields(.x, model)
     9. purrr::map(...)
     10. tidypredict:::.f(.x[[i]], ...)
    
     [12:30:35] WARNING: amalgamation/../src/learner.cc:516:
     Parameters: { silent } might not be used.
    
     This may not be accurate due to some parameters are only used in language bindings but
     passed down to XGBoost core. Or some parameters are not used but slip through this
     verification. Please open an issue if you find above cases.
    
    
     [12:30:35] WARNING: amalgamation/../src/learner.cc:516:
     Parameters: { silent } might not be used.
    
     This may not be accurate due to some parameters are only used in language bindings but
     passed down to XGBoost core. Or some parameters are not used but slip through this
     verification. Please open an issue if you find above cases.
    
    
     [12:30:35] WARNING: amalgamation/../src/learner.cc:516:
     Parameters: { silent } might not be used.
    
     This may not be accurate due to some parameters are only used in language bindings but
     passed down to XGBoost core. Or some parameters are not used but slip through this
     verification. Please open an issue if you find above cases.
    
    
     [12:30:35] WARNING: amalgamation/../src/learner.cc:516:
     Parameters: { silent } might not be used.
    
     This may not be accurate due to some parameters are only used in language bindings but
     passed down to XGBoost core. Or some parameters are not used but slip through this
     verification. Please open an issue if you find above cases.
    
    
     [12:30:36] WARNING: amalgamation/../src/learner.cc:516:
     Parameters: { silent } might not be used.
    
     This may not be accurate due to some parameters are only used in language bindings but
     passed down to XGBoost core. Or some parameters are not used but slip through this
     verification. Please open an issue if you find above cases.
    
    
     [12:30:36] WARNING: amalgamation/../src/learner.cc:516:
     Parameters: { silent } might not be used.
    
     This may not be accurate due to some parameters are only used in language bindings but
     passed down to XGBoost core. Or some parameters are not used but slip through this
     verification. Please open an issue if you find above cases.
    
    
     [12:30:37] WARNING: amalgamation/../src/learner.cc:516:
     Parameters: { silent } might not be used.
    
     This may not be accurate due to some parameters are only used in language bindings but
     passed down to XGBoost core. Or some parameters are not used but slip through this
     verification. Please open an issue if you find above cases.
    
    
     [12:30:37] WARNING: amalgamation/../src/learner.cc:516:
     Parameters: { silent } might not be used.
    
     This may not be accurate due to some parameters are only used in language bindings but
     passed down to XGBoost core. Or some parameters are not used but slip through this
     verification. Please open an issue if you find above cases.
    
    
     ══ testthat results ═══════════════════════════════════════════════════════════
     [ OK: 110 | SKIPPED: 0 | WARNINGS: 1 | FAILED: 2 ]
     1. Error: first degree earth model with different interfaces (@test-earth.R#90)
     2. Error: 2nd degree earth model with different interfaces (@test-earth.R#103)
    
     Error: testthat unit tests failed
     Execution halted
Flavor: r-release-linux-x86_64

Version: 0.4.6
Check: tests
Result: ERROR
     Running 'testthat.R' [30s]
    Running the tests in 'tests/testthat.R' failed.
    Complete output:
     > library(testthat)
     > library(tidypredict)
     >
     > test_check("tidypredict")
     -- 1. Error: first degree earth model with different interfaces (@test-earth.R#9
     argument is of length zero
     Backtrace:
     1. rlang::eval_tidy(tidypredict_fit(xy_mod_1), iris[, -1])
     3. tidypredict:::tidypredict_fit.earth(xy_mod_1)
     5. tidypredict:::parse_model.earth(model)
     6. purrr::map(...)
     7. tidypredict:::.f(.x[[i]], ...)
     8. tidypredict:::get_fields(.x, model)
     9. purrr::map(...)
     10. tidypredict:::.f(.x[[i]], ...)
    
     -- 2. Error: 2nd degree earth model with different interfaces (@test-earth.R#103
     argument is of length zero
     Backtrace:
     1. rlang::eval_tidy(tidypredict_fit(xy_mod_2), iris[, -1])
     3. tidypredict:::tidypredict_fit.earth(xy_mod_2)
     5. tidypredict:::parse_model.earth(model)
     6. purrr::map(...)
     7. tidypredict:::.f(.x[[i]], ...)
     8. tidypredict:::get_fields(.x, model)
     9. purrr::map(...)
     10. tidypredict:::.f(.x[[i]], ...)
    
     [04:12:11] WARNING: amalgamation/../src/learner.cc:516:
     Parameters: { silent } might not be used.
    
     This may not be accurate due to some parameters are only used in language bindings but
     passed down to XGBoost core. Or some parameters are not used but slip through this
     verification. Please open an issue if you find above cases.
    
    
     [04:12:11] WARNING: amalgamation/../src/learner.cc:516:
     Parameters: { silent } might not be used.
    
     This may not be accurate due to some parameters are only used in language bindings but
     passed down to XGBoost core. Or some parameters are not used but slip through this
     verification. Please open an issue if you find above cases.
    
    
     [04:12:11] WARNING: amalgamation/../src/learner.cc:516:
     Parameters: { silent } might not be used.
    
     This may not be accurate due to some parameters are only used in language bindings but
     passed down to XGBoost core. Or some parameters are not used but slip through this
     verification. Please open an issue if you find above cases.
    
    
     [04:12:11] WARNING: amalgamation/../src/learner.cc:516:
     Parameters: { silent } might not be used.
    
     This may not be accurate due to some parameters are only used in language bindings but
     passed down to XGBoost core. Or some parameters are not used but slip through this
     verification. Please open an issue if you find above cases.
    
    
     [04:12:11] WARNING: amalgamation/../src/learner.cc:516:
     Parameters: { silent } might not be used.
    
     This may not be accurate due to some parameters are only used in language bindings but
     passed down to XGBoost core. Or some parameters are not used but slip through this
     verification. Please open an issue if you find above cases.
    
    
     [04:12:11] WARNING: amalgamation/../src/learner.cc:516:
     Parameters: { silent } might not be used.
    
     This may not be accurate due to some parameters are only used in language bindings but
     passed down to XGBoost core. Or some parameters are not used but slip through this
     verification. Please open an issue if you find above cases.
    
    
     [04:12:13] WARNING: amalgamation/../src/learner.cc:516:
     Parameters: { silent } might not be used.
    
     This may not be accurate due to some parameters are only used in language bindings but
     passed down to XGBoost core. Or some parameters are not used but slip through this
     verification. Please open an issue if you find above cases.
    
    
     [04:12:13] WARNING: amalgamation/../src/learner.cc:516:
     Parameters: { silent } might not be used.
    
     This may not be accurate due to some parameters are only used in language bindings but
     passed down to XGBoost core. Or some parameters are not used but slip through this
     verification. Please open an issue if you find above cases.
    
    
     == testthat results ===========================================================
     [ OK: 110 | SKIPPED: 0 | WARNINGS: 1 | FAILED: 2 ]
     1. Error: first degree earth model with different interfaces (@test-earth.R#90)
     2. Error: 2nd degree earth model with different interfaces (@test-earth.R#103)
    
     Error: testthat unit tests failed
     Execution halted
Flavor: r-release-windows-ix86+x86_64

Version: 0.4.6
Check: tests
Result: ERROR
     Running 'testthat.R' [29s]
    Running the tests in 'tests/testthat.R' failed.
    Complete output:
     > library(testthat)
     > library(tidypredict)
     >
     > test_check("tidypredict")
     -- 1. Error: first degree earth model with different interfaces (@test-earth.R#9
     argument is of length zero
     Backtrace:
     1. rlang::eval_tidy(tidypredict_fit(xy_mod_1), iris[, -1])
     3. tidypredict:::tidypredict_fit.earth(xy_mod_1)
     5. tidypredict:::parse_model.earth(model)
     6. purrr::map(...)
     7. tidypredict:::.f(.x[[i]], ...)
     8. tidypredict:::get_fields(.x, model)
     9. purrr::map(...)
     10. tidypredict:::.f(.x[[i]], ...)
    
     -- 2. Error: 2nd degree earth model with different interfaces (@test-earth.R#103
     argument is of length zero
     Backtrace:
     1. rlang::eval_tidy(tidypredict_fit(xy_mod_2), iris[, -1])
     3. tidypredict:::tidypredict_fit.earth(xy_mod_2)
     5. tidypredict:::parse_model.earth(model)
     6. purrr::map(...)
     7. tidypredict:::.f(.x[[i]], ...)
     8. tidypredict:::get_fields(.x, model)
     9. purrr::map(...)
     10. tidypredict:::.f(.x[[i]], ...)
    
     [10:22:44] WARNING: amalgamation/../src/learner.cc:516:
     Parameters: { silent } might not be used.
    
     This may not be accurate due to some parameters are only used in language bindings but
     passed down to XGBoost core. Or some parameters are not used but slip through this
     verification. Please open an issue if you find above cases.
    
    
     [10:22:44] WARNING: amalgamation/../src/learner.cc:516:
     Parameters: { silent } might not be used.
    
     This may not be accurate due to some parameters are only used in language bindings but
     passed down to XGBoost core. Or some parameters are not used but slip through this
     verification. Please open an issue if you find above cases.
    
    
     [10:22:44] WARNING: amalgamation/../src/learner.cc:516:
     Parameters: { silent } might not be used.
    
     This may not be accurate due to some parameters are only used in language bindings but
     passed down to XGBoost core. Or some parameters are not used but slip through this
     verification. Please open an issue if you find above cases.
    
    
     [10:22:44] WARNING: amalgamation/../src/learner.cc:516:
     Parameters: { silent } might not be used.
    
     This may not be accurate due to some parameters are only used in language bindings but
     passed down to XGBoost core. Or some parameters are not used but slip through this
     verification. Please open an issue if you find above cases.
    
    
     [10:22:44] WARNING: amalgamation/../src/learner.cc:516:
     Parameters: { silent } might not be used.
    
     This may not be accurate due to some parameters are only used in language bindings but
     passed down to XGBoost core. Or some parameters are not used but slip through this
     verification. Please open an issue if you find above cases.
    
    
     [10:22:44] WARNING: amalgamation/../src/learner.cc:516:
     Parameters: { silent } might not be used.
    
     This may not be accurate due to some parameters are only used in language bindings but
     passed down to XGBoost core. Or some parameters are not used but slip through this
     verification. Please open an issue if you find above cases.
    
    
     [10:22:46] WARNING: amalgamation/../src/learner.cc:516:
     Parameters: { silent } might not be used.
    
     This may not be accurate due to some parameters are only used in language bindings but
     passed down to XGBoost core. Or some parameters are not used but slip through this
     verification. Please open an issue if you find above cases.
    
    
     [10:22:46] WARNING: amalgamation/../src/learner.cc:516:
     Parameters: { silent } might not be used.
    
     This may not be accurate due to some parameters are only used in language bindings but
     passed down to XGBoost core. Or some parameters are not used but slip through this
     verification. Please open an issue if you find above cases.
    
    
     == testthat results ===========================================================
     [ OK: 110 | SKIPPED: 0 | WARNINGS: 1 | FAILED: 2 ]
     1. Error: first degree earth model with different interfaces (@test-earth.R#90)
     2. Error: 2nd degree earth model with different interfaces (@test-earth.R#103)
    
     Error: testthat unit tests failed
     Execution halted
Flavor: r-oldrel-windows-ix86+x86_64