CRAN Package Check Results for Package tidyselect

Last updated on 2020-01-27 02:47:36 CET.

Flavor Version Tinstall Tcheck Ttotal Status Flags
r-devel-linux-x86_64-debian-clang 0.2.5 18.11 31.33 49.44 OK
r-devel-linux-x86_64-debian-gcc 0.2.5 13.95 25.13 39.08 OK
r-devel-linux-x86_64-fedora-clang 0.2.5 66.15 OK
r-devel-linux-x86_64-fedora-gcc 0.2.5 62.68 OK
r-devel-windows-ix86+x86_64 0.2.5 2.00 7.00 9.00 ERROR
r-devel-windows-ix86+x86_64-gcc8 0.2.5 54.00 100.00 154.00 OK
r-patched-linux-x86_64 0.2.5 14.92 28.44 43.36 OK
r-patched-solaris-x86 0.2.5 75.90 OK
r-release-linux-x86_64 0.2.5 15.21 28.38 43.59 OK
r-release-windows-ix86+x86_64 0.2.5 1.00 5.00 6.00 ERROR
r-release-osx-x86_64 0.2.5 OK
r-oldrel-windows-ix86+x86_64 0.2.5 33.00 73.00 106.00 OK
r-oldrel-osx-x86_64 0.2.5 OK

Check Details

Version: 0.2.5
Check: whether package can be installed
Result: ERROR
    Installation failed.
Flavors: r-devel-windows-ix86+x86_64, r-release-windows-ix86+x86_64