CRAN Package Check Results for Package tidystats

Last updated on 2019-12-11 14:47:41 CET.

Flavor Version Tinstall Tcheck Ttotal Status Flags
r-devel-linux-x86_64-debian-clang 0.4 4.72 34.92 39.64 OK
r-devel-linux-x86_64-debian-gcc 0.4 3.93 27.14 31.07 OK
r-devel-linux-x86_64-fedora-clang 0.4 47.92 NOTE
r-devel-linux-x86_64-fedora-gcc 0.4 45.96 NOTE
r-devel-windows-ix86+x86_64 0.4 9.00 68.00 77.00 OK
r-devel-windows-ix86+x86_64-gcc8 0.4 13.00 78.00 91.00 OK
r-patched-linux-x86_64 0.4 3.97 31.37 35.34 OK
r-patched-solaris-x86 0.4 68.20 NOTE
r-release-linux-x86_64 0.4 3.08 32.20 35.28 OK
r-release-windows-ix86+x86_64 0.4 9.00 47.00 56.00 OK
r-release-osx-x86_64 0.4 NOTE
r-oldrel-windows-ix86+x86_64 0.4 5.00 46.00 51.00 OK
r-oldrel-osx-x86_64 0.4 NOTE

Check Details

Version: 0.4
Check: dependencies in R code
Result: NOTE
    Namespace in Imports field not imported from: ‘tidyr’
     All declared Imports should be used.
Flavors: r-devel-linux-x86_64-fedora-clang, r-devel-linux-x86_64-fedora-gcc, r-patched-solaris-x86, r-release-osx-x86_64, r-oldrel-osx-x86_64

Version: 0.4
Check: data for non-ASCII characters
Result: NOTE
     Note: found 113 marked UTF-8 strings
Flavors: r-devel-linux-x86_64-fedora-clang, r-devel-linux-x86_64-fedora-gcc, r-patched-solaris-x86, r-release-osx-x86_64, r-oldrel-osx-x86_64