CRAN Package Check Results for Package tinytex

Last updated on 2020-01-19 02:49:11 CET.

Flavor Version Tinstall Tcheck Ttotal Status Flags
r-devel-linux-x86_64-debian-clang 0.19 2.77 25.66 28.43 OK
r-devel-linux-x86_64-debian-gcc 0.19 2.25 21.02 23.27 OK
r-devel-linux-x86_64-fedora-clang 0.19 49.09 OK
r-devel-linux-x86_64-fedora-gcc 0.19 48.16 OK
r-devel-windows-ix86+x86_64 0.19 8.00 45.00 53.00 OK
r-devel-windows-ix86+x86_64-gcc8 0.18 6.00 48.00 54.00 OK
r-patched-linux-x86_64 0.19 2.15 23.77 25.92 OK
r-patched-solaris-x86 0.19 66.30 OK
r-release-linux-x86_64 0.19 2.33 23.52 25.85 OK
r-release-windows-ix86+x86_64 0.19 6.00 33.00 39.00 OK
r-release-osx-x86_64 0.19 NOTE
r-oldrel-windows-ix86+x86_64 0.19 5.00 42.00 47.00 OK
r-oldrel-osx-x86_64 0.19 NOTE

Check Details

Version: 0.19
Check: dependencies in R code
Result: NOTE
    No protocol specified
    No protocol specified
Flavors: r-release-osx-x86_64, r-oldrel-osx-x86_64