CRAN Package Check Results for Package tinytex

Last updated on 2020-08-14 03:48:02 CEST.

Flavor Version Tinstall Tcheck Ttotal Status Flags
r-devel-linux-x86_64-debian-clang 0.25 2.69 24.69 27.38 OK
r-devel-linux-x86_64-debian-gcc 0.25 2.23 20.15 22.38 OK
r-devel-linux-x86_64-fedora-clang 0.25 39.91 OK
r-devel-linux-x86_64-fedora-gcc 0.25 30.35 OK
r-devel-windows-ix86+x86_64 0.25 9.00 51.00 60.00 OK
r-patched-linux-x86_64 0.25 3.19 24.94 28.13 OK
r-patched-solaris-x86 0.25 47.40 OK
r-release-linux-x86_64 0.25 2.97 25.04 28.01 OK
r-release-macos-x86_64 0.25 OK
r-release-windows-ix86+x86_64 0.25 12.00 35.00 47.00 OK
r-oldrel-macos-x86_64 0.25 NOTE
r-oldrel-windows-ix86+x86_64 0.25 5.00 44.00 49.00 OK

Check Details

Version: 0.25
Check: dependencies in R code
Result: NOTE
    No protocol specified
    No protocol specified
Flavor: r-oldrel-macos-x86_64