CRAN Package Check Results for Package tmle

Last updated on 2020-02-20 20:48:42 CET.

Flavor Version Tinstall Tcheck Ttotal Status Flags
r-devel-linux-x86_64-debian-clang 1.4.0.1 8.65 67.28 75.93 OK
r-devel-linux-x86_64-debian-gcc 1.4.0.1 8.84 51.37 60.21 OK
r-devel-linux-x86_64-fedora-clang 1.4.0.1 92.61 OK
r-devel-linux-x86_64-fedora-gcc 1.4.0.1 91.23 OK
r-devel-windows-ix86+x86_64 1.4.0.1 17.00 78.00 95.00 OK
r-devel-windows-ix86+x86_64-gcc8 1.4.0.1 25.00 75.00 100.00 OK
r-patched-linux-x86_64 1.4.0.1 8.59 58.09 66.68 OK
r-patched-solaris-x86 1.4.0.1 120.00 NOTE
r-release-linux-x86_64 1.4.0.1 6.62 58.60 65.22 OK
r-release-windows-ix86+x86_64 1.4.0.1 14.00 71.00 85.00 OK
r-release-osx-x86_64 1.4.0.1 OK
r-oldrel-windows-ix86+x86_64 1.4.0.1 9.00 68.00 77.00 OK
r-oldrel-osx-x86_64 1.4.0.1 OK

Check Details

Version: 1.4.0.1
Check: package dependencies
Result: NOTE
    Package suggested but not available for checking: ‘dbarts’
Flavor: r-patched-solaris-x86