CRAN Package Check Results for Package togglr

Last updated on 2020-07-15 03:47:09 CEST.

Flavor Version Tinstall Tcheck Ttotal Status Flags
r-devel-linux-x86_64-debian-clang 0.1.33 5.78 45.81 51.59 OK
r-devel-linux-x86_64-debian-gcc 0.1.33 5.03 35.95 40.98 OK
r-devel-linux-x86_64-fedora-clang 0.1.33 69.65 OK
r-devel-linux-x86_64-fedora-gcc 0.1.33 63.79 OK
r-devel-windows-ix86+x86_64 0.1.33 33.00 63.00 96.00 OK
r-patched-linux-x86_64 0.1.33 5.08 44.05 49.13 OK
r-patched-solaris-x86 0.1.33 87.50 OK
r-release-linux-x86_64 0.1.33 4.65 45.15 49.80 OK
r-release-macos-x86_64 0.1.33 ERROR
r-release-windows-ix86+x86_64 0.1.33 26.00 60.00 86.00 OK
r-oldrel-macos-x86_64 0.1.33 OK
r-oldrel-windows-ix86+x86_64 0.1.33 17.00 81.00 98.00 OK

Check Details

Version: 0.1.33
Check: whether package can be installed
Result: ERROR
    Installation failed.
Flavor: r-release-macos-x86_64