CRAN Package Check Results for Package topicdoc

Last updated on 2020-12-01 04:47:50 CET.

Flavor Version Tinstall Tcheck Ttotal Status Flags
r-devel-linux-x86_64-debian-clang 0.1.0 4.28 111.06 115.34 OK
r-devel-linux-x86_64-debian-gcc 0.1.0 3.58 83.99 87.57 OK
r-devel-linux-x86_64-fedora-clang 0.1.0 146.79 NOTE
r-devel-linux-x86_64-fedora-gcc 0.1.0 138.63 OK
r-devel-windows-ix86+x86_64 0.1.0 8.00 154.00 162.00 OK
r-patched-linux-x86_64 0.1.0 4.60 109.89 114.49 OK
r-patched-solaris-x86 0.1.0 262.50 OK
r-release-linux-x86_64 0.1.0 4.94 114.12 119.06 OK
r-release-macos-x86_64 0.1.0 OK
r-release-windows-ix86+x86_64 0.1.0 10.00 151.00 161.00 OK
r-oldrel-macos-x86_64 0.1.0 OK
r-oldrel-windows-ix86+x86_64 0.1.0 6.00 177.00 183.00 OK

Check Details

Version: 0.1.0
Check: Rd cross-references
Result: NOTE
    Undeclared package ‘stm’ in Rd xrefs
Flavor: r-devel-linux-x86_64-fedora-clang