CRAN Package Check Results for Package tractor.base

Last updated on 2020-07-15 03:47:09 CEST.

Flavor Version Tinstall Tcheck Ttotal Status Flags
r-devel-linux-x86_64-debian-clang 3.3.2 10.89 61.60 72.49 OK
r-devel-linux-x86_64-debian-gcc 3.3.2 8.75 48.08 56.83 OK
r-devel-linux-x86_64-fedora-clang 3.3.2 94.25 OK
r-devel-linux-x86_64-fedora-gcc 3.3.2 90.20 OK
r-devel-windows-ix86+x86_64 3.3.2 27.00 72.00 99.00 OK
r-patched-linux-x86_64 3.3.2 10.70 60.33 71.03 OK
r-patched-solaris-x86 3.3.2 125.30 OK
r-release-linux-x86_64 3.3.2 9.66 59.89 69.55 OK
r-release-macos-x86_64 3.3.2 ERROR
r-release-windows-ix86+x86_64 3.3.2 29.00 68.00 97.00 OK
r-oldrel-macos-x86_64 3.3.2 OK
r-oldrel-windows-ix86+x86_64 3.3.2 21.00 92.00 113.00 OK

Check Details

Version: 3.3.2
Check: whether package can be installed
Result: ERROR
    Installation failed.
Flavor: r-release-macos-x86_64