CRAN Package Check Results for Package tsBSS

Last updated on 2020-07-14 03:48:11 CEST.

Flavor Version Tinstall Tcheck Ttotal Status Flags
r-devel-linux-x86_64-debian-clang 0.5.5 45.57 132.62 178.19 OK
r-devel-linux-x86_64-debian-gcc 0.5.5 33.45 96.57 130.02 OK
r-devel-linux-x86_64-fedora-clang 0.5.5 224.76 NOTE
r-devel-linux-x86_64-fedora-gcc 0.5.5 219.99 OK
r-devel-windows-ix86+x86_64 0.5.5 89.00 271.00 360.00 OK
r-patched-linux-x86_64 0.5.5 37.31 127.20 164.51 OK
r-patched-solaris-x86 0.5.5 291.60 OK
r-release-linux-x86_64 0.5.5 38.49 124.58 163.07 OK
r-release-macos-x86_64 0.5.5 ERROR
r-release-windows-ix86+x86_64 0.5.5 112.00 211.00 323.00 OK
r-oldrel-macos-x86_64 0.5.5 OK
r-oldrel-windows-ix86+x86_64 0.5.5 107.00 281.00 388.00 OK

Check Details

Version: 0.5.5
Check: Rd cross-references
Result: NOTE
    Undeclared packages ‘MTS’, ‘tsbox’, ‘dr’ in Rd xrefs
Flavor: r-devel-linux-x86_64-fedora-clang

Version: 0.5.5
Check: whether package can be installed
Result: ERROR
    Installation failed.
Flavor: r-release-macos-x86_64