CRAN Package Check Results for Package twfy

Last updated on 2020-07-15 03:47:09 CEST.

Flavor Version Tinstall Tcheck Ttotal Status Flags
r-devel-linux-x86_64-debian-clang 0.1.0 2.42 22.11 24.53 OK
r-devel-linux-x86_64-debian-gcc 0.1.0 1.76 17.93 19.69 OK
r-devel-linux-x86_64-fedora-clang 0.1.0 38.22 OK
r-devel-linux-x86_64-fedora-gcc 0.1.0 30.93 OK
r-devel-windows-ix86+x86_64 0.1.0 10.00 33.00 43.00 OK
r-patched-linux-x86_64 0.1.0 2.17 22.02 24.19 OK
r-patched-solaris-x86 0.1.0 45.90 OK
r-release-linux-x86_64 0.1.0 2.04 21.73 23.77 OK
r-release-macos-x86_64 0.1.0 ERROR
r-release-windows-ix86+x86_64 0.1.0 11.00 34.00 45.00 OK
r-oldrel-macos-x86_64 0.1.0 OK
r-oldrel-windows-ix86+x86_64 0.1.0 6.00 51.00 57.00 OK

Check Details

Version: 0.1.0
Check: whether package can be installed
Result: ERROR
    Installation failed.
Flavor: r-release-macos-x86_64