CRAN Package Check Results for Package twitteR

Last updated on 2020-07-14 03:48:11 CEST.

Flavor Version Tinstall Tcheck Ttotal Status Flags
r-devel-linux-x86_64-debian-clang 1.1.9 8.12 38.61 46.73 OK
r-devel-linux-x86_64-debian-gcc 1.1.9 6.58 30.49 37.07 OK
r-devel-linux-x86_64-fedora-clang 1.1.9 65.75 OK
r-devel-linux-x86_64-fedora-gcc 1.1.9 58.62 OK
r-devel-windows-ix86+x86_64 1.1.9 17.00 70.00 87.00 OK
r-patched-linux-x86_64 1.1.9 8.60 38.62 47.22 OK
r-patched-solaris-x86 1.1.9 79.60 OK
r-release-linux-x86_64 1.1.9 9.26 38.47 47.73 OK
r-release-macos-x86_64 1.1.9 ERROR
r-release-windows-ix86+x86_64 1.1.9 22.00 51.00 73.00 OK
r-oldrel-macos-x86_64 1.1.9 OK
r-oldrel-windows-ix86+x86_64 1.1.9 15.00 68.00 83.00 OK

Check Details

Version: 1.1.9
Check: whether package can be installed
Result: ERROR
    Installation failed.
Flavor: r-release-macos-x86_64