CRAN Package Check Results for Package ungroup

Last updated on 2019-11-19 14:47:12 CET.

Flavor Version Tinstall Tcheck Ttotal Status Flags
r-devel-linux-x86_64-debian-clang 1.1.1 46.88 117.38 164.26 OK
r-devel-linux-x86_64-debian-gcc 1.1.1 39.83 96.42 136.25 OK
r-devel-linux-x86_64-fedora-clang 1.1.1 207.83 NOTE
r-devel-linux-x86_64-fedora-gcc 1.1.1 213.89 OK
r-devel-windows-ix86+x86_64 1.1.1 127.00 231.00 358.00 OK
r-devel-windows-ix86+x86_64-gcc8 1.1.1 97.00 232.00 329.00 OK
r-patched-linux-x86_64 1.1.1 47.92 112.37 160.29 OK
r-patched-solaris-x86 1.1.1 304.70 OK
r-release-linux-x86_64 1.1.1 45.88 111.78 157.66 OK
r-release-windows-ix86+x86_64 1.1.1 83.00 279.00 362.00 OK
r-release-osx-x86_64 1.1.1 WARN
r-oldrel-windows-ix86+x86_64 1.1.1 59.00 262.00 321.00 OK
r-oldrel-osx-x86_64 1.1.1 NOTE

Check Details

Version: 1.1.1
Check: installed package size
Result: NOTE
     installed size is 14.9Mb
     sub-directories of 1Mb or more:
     libs 14.5Mb
Flavors: r-devel-linux-x86_64-fedora-clang, r-release-osx-x86_64, r-oldrel-osx-x86_64

Version: 1.1.1
Check: whether package can be installed
Result: WARN
    Found the following significant warnings:
     Warning: 'rgl_init' failed, running with rgl.useNULL = TRUE
Flavor: r-release-osx-x86_64

Version: 1.1.1
Check: Rd files
Result: WARN
    prepare_Rd: RGL: unable to open X11 display
    prepare_Rd: 'rgl_init' failed, running with rgl.useNULL = TRUE
Flavor: r-release-osx-x86_64