CRAN Package Check Results for Package usethis

Last updated on 2020-03-30 03:48:16 CEST.

Flavor Version Tinstall Tcheck Ttotal Status Flags
r-devel-linux-x86_64-debian-clang 1.5.1 OK
r-devel-linux-x86_64-debian-gcc 1.5.1 6.73 66.29 73.02 OK
r-devel-linux-x86_64-fedora-clang 1.5.1 99.10 OK
r-devel-linux-x86_64-fedora-gcc 1.5.1 110.61 OK
r-devel-windows-ix86+x86_64 1.5.1 13.00 97.00 110.00 OK
r-devel-windows-ix86+x86_64-gcc8 1.5.1 21.00 94.00 115.00 OK
r-patched-linux-x86_64 1.5.1 7.78 82.74 90.52 OK
r-patched-solaris-x86 1.5.1 115.20 ERROR
r-release-linux-x86_64 1.5.1 5.35 78.25 83.60 OK
r-release-windows-ix86+x86_64 1.5.1 18.00 140.00 158.00 OK
r-release-osx-x86_64 1.5.1 OK
r-oldrel-windows-ix86+x86_64 1.5.1 19.00 150.00 169.00 OK
r-oldrel-osx-x86_64 1.5.1 OK

Check Details

Version: 1.5.1
Check: tests
Result: ERROR
     Running ‘spelling.R’
     Running ‘testthat.R’ [27s/61s]
    Running the tests in ‘tests/testthat.R’ failed.
    Complete output:
     > library(testthat)
     > library(usethis)
     >
     > test_check("usethis")
    
     *** caught segfault ***
     address 0, cause 'memory not mapped'
    
     Traceback:
     1: magick_image_resize(image, geometry, filter)
     2: magick::image_resize(img_data, geometry)
     3: use_logo("logo.png")
     4: eval_bare(quo_get_expr(.quo), quo_get_env(.quo))
     5: withCallingHandlers({ code NULL}, error = function(cnd) { if (can_entrace(cnd)) { cnd <- cnd_entrace(cnd) } return_from(env, cnd)})
     6: .capture(act$val <- eval_bare(quo_get_expr(.quo), quo_get_env(.quo)), ...)
     7: quasi_capture(enquo(object), label, capture_error, entrace = TRUE)
     8: expect_error(..., regexp = NA)
     9: expect_error_free(use_logo("logo.png"))
     10: eval(code, test_env)
     11: eval(code, test_env)
     12: withCallingHandlers({ eval(code, test_env) if (!handled && !is.null(test)) { skip_empty() }}, expectation = handle_expectation, skip = handle_skip, warning = handle_warning, message = handle_message, error = handle_error)
     13: doTryCatch(return(expr), name, parentenv, handler)
     14: tryCatchOne(expr, names, parentenv, handlers[[1L]])
     15: tryCatchList(expr, names[-nh], parentenv, handlers[-nh])
     16: doTryCatch(return(expr), name, parentenv, handler)
     17: tryCatchOne(tryCatchList(expr, names[-nh], parentenv, handlers[-nh]), names[nh], parentenv, handlers[[nh]])
     18: tryCatchList(expr, classes, parentenv, handlers)
     19: tryCatch(withCallingHandlers({ eval(code, test_env) if (!handled && !is.null(test)) { skip_empty() }}, expectation = handle_expectation, skip = handle_skip, warning = handle_warning, message = handle_message, error = handle_error), error = handle_fatal, skip = function(e) { })
     20: test_code(desc, code, env = parent.frame())
     21: test_that("use_logo() doesn't error", { skip_if_not_installed("magick") pkg <- scoped_temporary_package() img <- magick::image_write(magick::image_read("logo:"), "logo.png") on.exit(file_delete("logo.png")) expect_error_free(use_logo("logo.png"))})
     22: eval(code, test_env)
     23: eval(code, test_env)
     24: withCallingHandlers({ eval(code, test_env) if (!handled && !is.null(test)) { skip_empty() }}, expectation = handle_expectation, skip = handle_skip, warning = handle_warning, message = handle_message, error = handle_error)
     25: doTryCatch(return(expr), name, parentenv, handler)
     26: tryCatchOne(expr, names, parentenv, handlers[[1L]])
     27: tryCatchList(expr, names[-nh], parentenv, handlers[-nh])
     28: doTryCatch(return(expr), name, parentenv, handler)
     29: tryCatchOne(tryCatchList(expr, names[-nh], parentenv, handlers[-nh]), names[nh], parentenv, handlers[[nh]])
     30: tryCatchList(expr, classes, parentenv, handlers)
     31: tryCatch(withCallingHandlers({ eval(code, test_env) if (!handled && !is.null(test)) { skip_empty() }}, expectation = handle_expectation, skip = handle_skip, warning = handle_warning, message = handle_message, error = handle_error), error = handle_fatal, skip = function(e) { })
     32: test_code(NULL, exprs, env)
     33: source_file(path, new.env(parent = env), chdir = TRUE, wrap = wrap)
     34: force(code)
     35: doWithOneRestart(return(expr), restart)
     36: withOneRestart(expr, restarts[[1L]])
     37: withRestarts(testthat_abort_reporter = function() NULL, force(code))
     38: with_reporter(reporter = reporter, start_end_reporter = start_end_reporter, { reporter$start_file(basename(path)) lister$start_file(basename(path)) source_file(path, new.env(parent = env), chdir = TRUE, wrap = wrap) reporter$.end_context() reporter$end_file() })
     39: FUN(X[[i]], ...)
     40: lapply(paths, test_file, env = env, reporter = current_reporter, start_end_reporter = FALSE, load_helpers = FALSE, wrap = wrap)
     41: force(code)
     42: doWithOneRestart(return(expr), restart)
     43: withOneRestart(expr, restarts[[1L]])
     44: withRestarts(testthat_abort_reporter = function() NULL, force(code))
     45: with_reporter(reporter = current_reporter, results <- lapply(paths, test_file, env = env, reporter = current_reporter, start_end_reporter = FALSE, load_helpers = FALSE, wrap = wrap))
     46: test_files(paths, reporter = reporter, env = env, stop_on_failure = stop_on_failure, stop_on_warning = stop_on_warning, wrap = wrap)
     47: test_dir(path = test_path, reporter = reporter, env = env, filter = filter, ..., stop_on_failure = stop_on_failure, stop_on_warning = stop_on_warning, wrap = wrap)
     48: test_package_dir(package = package, test_path = test_path, filter = filter, reporter = reporter, ..., stop_on_failure = stop_on_failure, stop_on_warning = stop_on_warning, wrap = wrap)
     49: test_check("usethis")
     An irrecoverable exception occurred. R is aborting now ...
Flavor: r-patched-solaris-x86