CRAN Package Check Results for Package vapour

Last updated on 2020-12-05 02:49:59 CET.

Flavor Version Tinstall Tcheck Ttotal Status Flags
r-devel-linux-x86_64-debian-clang 0.5.5 88.91 48.67 137.58 OK
r-devel-linux-x86_64-debian-gcc 0.5.5 50.93 41.16 92.09 OK
r-devel-linux-x86_64-fedora-clang 0.5.5 190.90 OK
r-devel-linux-x86_64-fedora-gcc 0.5.5 156.84 OK
r-devel-windows-ix86+x86_64 0.5.5 248.00 431.00 679.00 NOTE
r-patched-linux-x86_64 0.5.5 62.90 48.48 111.38 OK
r-patched-solaris-x86 0.5.5 158.20 OK
r-release-linux-x86_64 0.5.5 62.24 47.88 110.12 OK
r-release-macos-x86_64 0.5.5 NOTE
r-release-windows-ix86+x86_64 0.5.5 202.00 442.00 644.00 NOTE
r-oldrel-macos-x86_64 0.5.5 NOTE
r-oldrel-windows-ix86+x86_64 0.5.5 221.00 511.00 732.00 NOTE

Check Details

Version: 0.5.5
Check: installed package size
Result: NOTE
     installed size is 90.3Mb
     sub-directories of 1Mb or more:
     extdata 1.0Mb
     gdal 2.0Mb
     libs 80.7Mb
     proj 6.0Mb
Flavors: r-devel-windows-ix86+x86_64, r-release-macos-x86_64, r-release-windows-ix86+x86_64, r-oldrel-macos-x86_64, r-oldrel-windows-ix86+x86_64