CRAN Package Check Results for Package varTestnlme

Last updated on 2020-05-27 15:47:29 CEST.

Flavor Version Tinstall Tcheck Ttotal Status Flags
r-devel-linux-x86_64-debian-clang 0.1.0 3.98 38.13 42.11 OK
r-devel-linux-x86_64-debian-gcc 0.1.0 3.21 30.00 33.21 OK
r-devel-linux-x86_64-fedora-clang 0.1.0 54.52 NOTE
r-devel-linux-x86_64-fedora-gcc 0.1.0 50.75 NOTE
r-devel-windows-ix86+x86_64 0.1.0 14.00 66.00 80.00 OK
r-patched-linux-x86_64 0.1.0 4.17 37.89 42.06 OK
r-patched-solaris-x86 0.1.0 75.60 NOTE
r-release-linux-x86_64 0.1.0 3.78 37.81 41.59 OK
r-release-osx-x86_64 0.1.0 NOTE
r-release-windows-ix86+x86_64 0.1.0 9.00 68.00 77.00 OK
r-oldrel-osx-x86_64 0.1.0 NOTE
r-oldrel-windows-ix86+x86_64 0.1.0 9.00 48.00 57.00 OK

Check Details

Version: 0.1.0
Check: dependencies in R code
Result: NOTE
    Namespaces in Imports field not imported from:
     ‘matrixcalc’ ‘saemix’
     All declared Imports should be used.
Flavors: r-devel-linux-x86_64-fedora-clang, r-devel-linux-x86_64-fedora-gcc, r-patched-solaris-x86, r-release-osx-x86_64, r-oldrel-osx-x86_64