CRAN Package Check Results for Package walrus

Last updated on 2020-02-24 02:47:19 CET.

Flavor Version Tinstall Tcheck Ttotal Status Flags
r-devel-linux-x86_64-debian-clang 1.0.3 15.17 26.32 41.49 OK
r-devel-linux-x86_64-debian-gcc 1.0.3 OK
r-devel-linux-x86_64-fedora-clang 1.0.3 60.56 NOTE
r-devel-linux-x86_64-fedora-gcc 1.0.3 53.63 NOTE
r-devel-windows-ix86+x86_64 1.0.3 20.00 43.00 63.00 OK
r-devel-windows-ix86+x86_64-gcc8 1.0.3 30.00 40.00 70.00 OK
r-patched-linux-x86_64 1.0.3 OK
r-patched-solaris-x86 1.0.3 68.20 NOTE
r-release-linux-x86_64 1.0.3 12.41 23.15 35.56 OK
r-release-windows-ix86+x86_64 1.0.3 17.00 36.00 53.00 OK
r-release-osx-x86_64 1.0.3 NOTE
r-oldrel-windows-ix86+x86_64 1.0.3 17.00 38.00 55.00 OK
r-oldrel-osx-x86_64 1.0.3 NOTE

Check Details

Version: 1.0.3
Check: dependencies in R code
Result: NOTE
    Namespaces in Imports field not imported from:
     ‘R6’ ‘WRS2’ ‘ggplot2’
     All declared Imports should be used.
Flavors: r-devel-linux-x86_64-fedora-clang, r-devel-linux-x86_64-fedora-gcc, r-patched-solaris-x86, r-release-osx-x86_64, r-oldrel-osx-x86_64