CRAN Package Check Results for Package wdpar

Last updated on 2020-10-01 03:49:00 CEST.

Flavor Version Tinstall Tcheck Ttotal Status Flags
r-devel-linux-x86_64-debian-clang 1.0.3 4.63 63.16 67.79 OK
r-devel-linux-x86_64-debian-gcc 1.0.3 0.32 2.25 2.57 ERROR
r-devel-linux-x86_64-fedora-clang 1.0.3 94.97 OK
r-devel-linux-x86_64-fedora-gcc 1.0.3 83.52 OK
r-devel-windows-ix86+x86_64 1.0.3 13.00 60.00 73.00 OK
r-patched-linux-x86_64 1.0.3 4.62 58.62 63.24 OK
r-patched-solaris-x86 1.0.3 124.00 OK
r-release-linux-x86_64 1.0.3 4.99 58.24 63.23 OK
r-release-macos-x86_64 1.0.3 OK
r-release-windows-ix86+x86_64 1.0.3 15.00 82.00 97.00 OK
r-oldrel-macos-x86_64 1.0.3 OK
r-oldrel-windows-ix86+x86_64 1.0.3 13.00 81.00 94.00 OK

Check Details

Version: 1.0.3
Check: whether package can be installed
Result: ERROR
    Installation failed.
Flavor: r-devel-linux-x86_64-debian-gcc