CRAN Package Check Results for Package weibulltools

Last updated on 2020-02-16 14:48:06 CET.

Flavor Version Tinstall Tcheck Ttotal Status Flags
r-devel-linux-x86_64-debian-clang 1.0.1 41.64 92.61 134.25 OK
r-devel-linux-x86_64-debian-gcc 1.0.1 27.51 70.17 97.68 OK
r-devel-linux-x86_64-fedora-clang 1.0.1 174.73 NOTE
r-devel-linux-x86_64-fedora-gcc 1.0.1 156.39 OK
r-devel-windows-ix86+x86_64 1.0.1 85.00 152.00 237.00 NOTE
r-devel-windows-ix86+x86_64-gcc8 1.0.1 119.00 157.00 276.00 NOTE
r-patched-linux-x86_64 1.0.1 35.51 83.76 119.27 OK
r-patched-solaris-x86 1.0.1 173.40 NOTE
r-release-linux-x86_64 1.0.1 30.60 83.84 114.44 OK
r-release-windows-ix86+x86_64 1.0.1 74.00 139.00 213.00 NOTE
r-release-osx-x86_64 1.0.1 NOTE
r-oldrel-windows-ix86+x86_64 1.0.1 74.00 119.00 193.00 NOTE
r-oldrel-osx-x86_64 1.0.1 NOTE

Check Details

Version: 1.0.1
Check: installed package size
Result: NOTE
     installed size is 13.5Mb
     sub-directories of 1Mb or more:
     doc 11.9Mb
     libs 1.3Mb
Flavors: r-devel-linux-x86_64-fedora-clang, r-devel-windows-ix86+x86_64, r-devel-windows-ix86+x86_64-gcc8, r-patched-solaris-x86, r-release-windows-ix86+x86_64, r-release-osx-x86_64, r-oldrel-windows-ix86+x86_64, r-oldrel-osx-x86_64