CRAN Package Check Results for Package weibulltools

Last updated on 2019-09-20 15:47:17 CEST.

Flavor Version Tinstall Tcheck Ttotal Status Flags
r-devel-linux-x86_64-debian-clang 1.0.1 34.21 84.94 119.15 OK
r-devel-linux-x86_64-debian-gcc 1.0.1 28.93 64.05 92.98 OK
r-devel-linux-x86_64-fedora-clang 1.0.1 151.98 NOTE
r-devel-linux-x86_64-fedora-gcc 1.0.1 148.47 OK
r-devel-windows-ix86+x86_64 1.0.1 115.00 181.00 296.00 NOTE
r-patched-linux-x86_64 1.0.1 31.95 80.94 112.89 OK
r-patched-solaris-x86 1.0.1 180.30 NOTE
r-release-linux-x86_64 1.0.1 28.53 82.64 111.17 OK
r-release-windows-ix86+x86_64 1.0.1 68.00 144.00 212.00 NOTE
r-release-osx-x86_64 1.0.1 NOTE
r-oldrel-windows-ix86+x86_64 1.0.1 72.00 127.00 199.00 NOTE
r-oldrel-osx-x86_64 1.0.1 NOTE

Check Details

Version: 1.0.1
Check: installed package size
Result: NOTE
     installed size is 13.5Mb
     sub-directories of 1Mb or more:
     doc 11.9Mb
     libs 1.3Mb
Flavors: r-devel-linux-x86_64-fedora-clang, r-devel-windows-ix86+x86_64, r-patched-solaris-x86, r-release-windows-ix86+x86_64, r-release-osx-x86_64, r-oldrel-windows-ix86+x86_64, r-oldrel-osx-x86_64