CRAN Package Check Results for Package wgaim

Last updated on 2020-07-14 03:48:12 CEST.

Flavor Version Tinstall Tcheck Ttotal Status Flags
r-devel-linux-x86_64-debian-clang 2.0-1 7.13 55.06 62.19 OK
r-devel-linux-x86_64-debian-gcc 2.0-1 5.41 42.45 47.86 OK
r-devel-linux-x86_64-fedora-clang 2.0-1 81.90 OK
r-devel-linux-x86_64-fedora-gcc 2.0-1 76.64 OK
r-devel-windows-ix86+x86_64 2.0-1 17.00 108.00 125.00 OK
r-patched-linux-x86_64 2.0-1 6.21 53.55 59.76 OK
r-patched-solaris-x86 2.0-1 104.60 OK
r-release-linux-x86_64 2.0-1 5.73 53.72 59.45 OK
r-release-macos-x86_64 2.0-1 ERROR
r-release-windows-ix86+x86_64 2.0-1 23.00 69.00 92.00 OK
r-oldrel-macos-x86_64 2.0-1 OK
r-oldrel-windows-ix86+x86_64 2.0-1 16.00 96.00 112.00 OK

Check Details

Version: 2.0-1
Check: whether package can be installed
Result: ERROR
    Installation failed.
Flavor: r-release-macos-x86_64