CRAN Package Check Results for Package wilson

Last updated on 2020-02-19 16:48:24 CET.

Flavor Version Tinstall Tcheck Ttotal Status Flags
r-devel-linux-x86_64-debian-clang 2.3.1 9.77 88.89 98.66 OK
r-devel-linux-x86_64-debian-gcc 2.3.1 8.27 65.33 73.60 OK
r-devel-linux-x86_64-fedora-clang 2.3.1 109.40 WARN
r-devel-linux-x86_64-fedora-gcc 2.3.1 103.38 NOTE
r-devel-windows-ix86+x86_64 2.3.1 28.00 109.00 137.00 OK
r-devel-windows-ix86+x86_64-gcc8 2.3.1 37.00 99.00 136.00 OK
r-patched-linux-x86_64 2.3.1 8.37 78.09 86.46 OK
r-patched-solaris-x86 2.3.1 151.70 NOTE
r-release-linux-x86_64 2.3.1 9.35 77.53 86.88 OK
r-release-windows-ix86+x86_64 2.3.1 19.00 92.00 111.00 OK
r-release-osx-x86_64 2.3.1 NOTE
r-oldrel-windows-ix86+x86_64 2.3.1 14.00 85.00 99.00 OK
r-oldrel-osx-x86_64 2.3.1 NOTE

Check Details

Version: 2.3.1
Check: package dependencies
Result: WARN
    Imports includes 31 non-default packages.
    Importing from so many packages makes the package vulnerable to any of
    them becoming unavailable. Move as many as possible to Suggests and
    use conditionally.
    
    Requires orphaned package: ‘gplots’
Flavor: r-devel-linux-x86_64-fedora-clang

Version: 2.3.1
Check: dependencies in R code
Result: NOTE
    Namespace in Imports field not imported from: ‘magrittr’
     All declared Imports should be used.
Flavors: r-devel-linux-x86_64-fedora-clang, r-devel-linux-x86_64-fedora-gcc, r-patched-solaris-x86, r-release-osx-x86_64, r-oldrel-osx-x86_64