CRAN Package Check Results for Package wilson

Last updated on 2020-09-19 15:53:15 CEST.

Flavor Version Tinstall Tcheck Ttotal Status Flags
r-devel-linux-x86_64-debian-clang 2.4.0 11.50 84.58 96.08 OK
r-devel-linux-x86_64-debian-gcc 2.4.0 9.12 64.44 73.56 OK
r-devel-linux-x86_64-fedora-clang 2.4.0 114.11 NOTE
r-devel-linux-x86_64-fedora-gcc 2.4.0 110.19 OK
r-devel-windows-ix86+x86_64 2.4.0 22.00 106.00 128.00 OK
r-patched-linux-x86_64 2.4.0 8.60 82.95 91.55 OK
r-patched-solaris-x86 2.4.0 158.10 OK
r-release-linux-x86_64 2.4.0 8.06 82.16 90.22 OK
r-release-macos-x86_64 2.4.0 OK
r-release-windows-ix86+x86_64 2.4.0 22.00 111.00 133.00 OK
r-oldrel-macos-x86_64 2.4.0 OK
r-oldrel-windows-ix86+x86_64 2.4.0 13.00 77.00 90.00 OK

Check Details

Version: 2.4.0
Check: package dependencies
Result: NOTE
    Imports includes 31 non-default packages.
    Importing from so many packages makes the package vulnerable to any of
    them becoming unavailable. Move as many as possible to Suggests and
    use conditionally.
Flavor: r-devel-linux-x86_64-fedora-clang